{"id":14753,"date":"2026-04-27T04:40:59","date_gmt":"2026-04-27T04:40:59","guid":{"rendered":""},"modified":"2026-04-27T04:40:59","modified_gmt":"2026-04-27T04:40:59","slug":"levior-r-respirator-ffp2-s-ventilem-tovarni-cena-14753","status":"publish","type":"product","link":"https:\/\/www.domkraftpro.com\/index.php\/produkt\/levior-r-respirator-ffp2-s-ventilem-tovarni-cena-14753\/","title":{"rendered":"LEVIOR\u00ae Respir\u00e1tor FFP2 s ventilem Tov\u00e1rn\u00ed Cena"},"content":{"rendered":"<div class=\"basic-description\">\n<h3>Detailn\u00ed popis produktu<\/h3>\n<p>                                    Skl\u00e1dan\u00fd respir\u00e1tor pro ochranu d\u00fdchac\u00edch cest p\u0159i pr\u00e1ci v pra\u0161n\u00e9m prost\u0159ed\u00ed. Filtra\u010dn\u00ed m\u00e9dium je vyrobeno z polypropylenu. Respir\u00e1tor m\u00e1 nastavitelnou nosn\u00ed sv\u011brku, m\u011bkkou nosn\u00ed p\u011bnu a nastavitelnou <span class=\"show-tooltip\" title=\"D\u00e9lka&amp;nbsp;je jedna ze z\u00e1kladn\u00edch&amp;nbsp;fyzik\u00e1ln\u00edch veli\u010din. Pomoc\u00ed d\u00e9lky se vyjad\u0159uje vz\u00e1jemn\u00e1 poloha a rozprostran\u011bnost objekt\u016f v prostoru. D\u00e9lka jako fyzik\u00e1ln\u00ed veli\u010dina vych\u00e1z\u00ed z geometrick\u00e9ho pojmu&amp;nbsp;d\u00e9lky&amp;nbsp;jako&amp;nbsp;m\u00edry&amp;nbsp;ohrani\u010den\u00e9&amp;hellip;\">d\u00e9lku<\/span> dvojit\u00e9ho gumov\u00e9ho p\u00e1sku.T\u0159\u00edda: FFP2Norma: CE EN 149                            <\/div>\n","protected":false},"excerpt":{"rendered":"<p>Detailn\u00ed popis produktu Skl\u00e1dan\u00fd respir\u00e1tor pro ochranu d\u00fdchac\u00edch cest p\u0159i pr\u00e1ci v pra\u0161n\u00e9m prost\u0159ed\u00ed. Filtra\u010dn\u00ed m\u00e9dium je vyrobeno z polypropylenu. Respir\u00e1tor m\u00e1 nastavitelnou nosn\u00ed sv\u011brku, m\u011bkkou nosn\u00ed p\u011bnu a nastavitelnou d\u00e9lku dvojit\u00e9ho gumov\u00e9ho p\u00e1sku.T\u0159\u00edda: FFP2Norma: CE EN 149<\/p>\n","protected":false},"featured_media":14853,"comment_status":"open","ping_status":"open","template":"","meta":[],"product_brand":[],"product_cat":[59],"product_tag":[],"class_list":{"0":"post-14753","1":"product","2":"type-product","3":"status-publish","4":"has-post-thumbnail","6":"product_cat-ochranne-pomucky","8":"first","9":"instock","10":"sale","11":"shipping-taxable","12":"purchasable","13":"product-type-simple"},"yoast_head":"<!-- This site is optimized with the Yoast SEO plugin v26.8 - https:\/\/yoast.com\/product\/yoast-seo-wordpress\/ -->\n<title>LEVIOR\u00ae Respir\u00e1tor FFP2 s ventilem Tov\u00e1rn\u00ed Cena -<\/title>\n<meta name=\"robots\" content=\"index, follow, max-snippet:-1, max-image-preview:large, max-video-preview:-1\" \/>\n<link rel=\"canonical\" href=\"https:\/\/www.domkraftpro.com\/index.php\/produkt\/levior-r-respirator-ffp2-s-ventilem-tovarni-cena-14753\/\" \/>\n<meta property=\"og:locale\" content=\"cs_CZ\" \/>\n<meta property=\"og:type\" content=\"article\" \/>\n<meta property=\"og:title\" content=\"LEVIOR\u00ae Respir\u00e1tor FFP2 s ventilem Tov\u00e1rn\u00ed Cena -\" \/>\n<meta property=\"og:description\" content=\"Detailn\u00ed popis produktu Skl\u00e1dan\u00fd respir\u00e1tor pro ochranu d\u00fdchac\u00edch cest p\u0159i pr\u00e1ci v pra\u0161n\u00e9m prost\u0159ed\u00ed. Filtra\u010dn\u00ed m\u00e9dium je vyrobeno z polypropylenu. Respir\u00e1tor m\u00e1 nastavitelnou nosn\u00ed sv\u011brku, m\u011bkkou nosn\u00ed p\u011bnu a nastavitelnou d\u00e9lku dvojit\u00e9ho gumov\u00e9ho p\u00e1sku.T\u0159\u00edda: FFP2Norma: CE EN 149\" \/>\n<meta property=\"og:url\" content=\"https:\/\/www.domkraftpro.com\/index.php\/produkt\/levior-r-respirator-ffp2-s-ventilem-tovarni-cena-14753\/\" \/>\n<meta property=\"og:image\" content=\"https:\/\/www.domkraftpro.com\/wp-content\/uploads\/2026\/SK0006858-CZ20260425-092522-0-1777080324-115060_rewrite-139747-50503.webp\" \/>\n\t<meta property=\"og:image:width\" content=\"1000\" \/>\n\t<meta property=\"og:image:height\" content=\"750\" \/>\n\t<meta property=\"og:image:type\" content=\"image\/webp\" \/>\n<meta name=\"twitter:card\" content=\"summary_large_image\" \/>\n<script type=\"application\/ld+json\" class=\"yoast-schema-graph\">{\"@context\":\"https:\/\/schema.org\",\"@graph\":[{\"@type\":\"WebPage\",\"@id\":\"https:\/\/www.domkraftpro.com\/index.php\/produkt\/levior-r-respirator-ffp2-s-ventilem-tovarni-cena-14753\/\",\"url\":\"https:\/\/www.domkraftpro.com\/index.php\/produkt\/levior-r-respirator-ffp2-s-ventilem-tovarni-cena-14753\/\",\"name\":\"LEVIOR\u00ae Respir\u00e1tor FFP2 s ventilem Tov\u00e1rn\u00ed Cena -\",\"isPartOf\":{\"@id\":\"https:\/\/www.domkraftpro.com\/#website\"},\"primaryImageOfPage\":{\"@id\":\"https:\/\/www.domkraftpro.com\/index.php\/produkt\/levior-r-respirator-ffp2-s-ventilem-tovarni-cena-14753\/#primaryimage\"},\"image\":{\"@id\":\"https:\/\/www.domkraftpro.com\/index.php\/produkt\/levior-r-respirator-ffp2-s-ventilem-tovarni-cena-14753\/#primaryimage\"},\"thumbnailUrl\":\"https:\/\/www.domkraftpro.com\/wp-content\/uploads\/2026\/SK0006858-CZ20260425-092522-0-1777080324-115060_rewrite-139747-50503.webp\",\"datePublished\":\"2026-04-27T04:40:59+00:00\",\"breadcrumb\":{\"@id\":\"https:\/\/www.domkraftpro.com\/index.php\/produkt\/levior-r-respirator-ffp2-s-ventilem-tovarni-cena-14753\/#breadcrumb\"},\"inLanguage\":\"cs\",\"potentialAction\":[{\"@type\":\"ReadAction\",\"target\":[\"https:\/\/www.domkraftpro.com\/index.php\/produkt\/levior-r-respirator-ffp2-s-ventilem-tovarni-cena-14753\/\"]}]},{\"@type\":\"ImageObject\",\"inLanguage\":\"cs\",\"@id\":\"https:\/\/www.domkraftpro.com\/index.php\/produkt\/levior-r-respirator-ffp2-s-ventilem-tovarni-cena-14753\/#primaryimage\",\"url\":\"https:\/\/www.domkraftpro.com\/wp-content\/uploads\/2026\/SK0006858-CZ20260425-092522-0-1777080324-115060_rewrite-139747-50503.webp\",\"contentUrl\":\"https:\/\/www.domkraftpro.com\/wp-content\/uploads\/2026\/SK0006858-CZ20260425-092522-0-1777080324-115060_rewrite-139747-50503.webp\",\"width\":1000,\"height\":750},{\"@type\":\"BreadcrumbList\",\"@id\":\"https:\/\/www.domkraftpro.com\/index.php\/produkt\/levior-r-respirator-ffp2-s-ventilem-tovarni-cena-14753\/#breadcrumb\",\"itemListElement\":[{\"@type\":\"ListItem\",\"position\":1,\"name\":\"Home\",\"item\":\"https:\/\/www.domkraftpro.com\/\"},{\"@type\":\"ListItem\",\"position\":2,\"name\":\"Products\",\"item\":\"https:\/\/www.domkraftpro.com\/index.php\/products\/\"},{\"@type\":\"ListItem\",\"position\":3,\"name\":\"LEVIOR\u00ae Respir\u00e1tor FFP2 s ventilem Tov\u00e1rn\u00ed Cena\"}]},{\"@type\":\"WebSite\",\"@id\":\"https:\/\/www.domkraftpro.com\/#website\",\"url\":\"https:\/\/www.domkraftpro.com\/\",\"name\":\"\",\"description\":\"\",\"potentialAction\":[{\"@type\":\"SearchAction\",\"target\":{\"@type\":\"EntryPoint\",\"urlTemplate\":\"https:\/\/www.domkraftpro.com\/?s={search_term_string}\"},\"query-input\":{\"@type\":\"PropertyValueSpecification\",\"valueRequired\":true,\"valueName\":\"search_term_string\"}}],\"inLanguage\":\"cs\"}]}<\/script>\n<!-- \/ Yoast SEO plugin. -->","yoast_head_json":{"title":"LEVIOR\u00ae Respir\u00e1tor FFP2 s ventilem Tov\u00e1rn\u00ed Cena -","robots":{"index":"index","follow":"follow","max-snippet":"max-snippet:-1","max-image-preview":"max-image-preview:large","max-video-preview":"max-video-preview:-1"},"canonical":"https:\/\/www.domkraftpro.com\/index.php\/produkt\/levior-r-respirator-ffp2-s-ventilem-tovarni-cena-14753\/","og_locale":"cs_CZ","og_type":"article","og_title":"LEVIOR\u00ae Respir\u00e1tor FFP2 s ventilem Tov\u00e1rn\u00ed Cena -","og_description":"Detailn\u00ed popis produktu Skl\u00e1dan\u00fd respir\u00e1tor pro ochranu d\u00fdchac\u00edch cest p\u0159i pr\u00e1ci v pra\u0161n\u00e9m prost\u0159ed\u00ed. Filtra\u010dn\u00ed m\u00e9dium je vyrobeno z polypropylenu. Respir\u00e1tor m\u00e1 nastavitelnou nosn\u00ed sv\u011brku, m\u011bkkou nosn\u00ed p\u011bnu a nastavitelnou d\u00e9lku dvojit\u00e9ho gumov\u00e9ho p\u00e1sku.T\u0159\u00edda: FFP2Norma: CE EN 149","og_url":"https:\/\/www.domkraftpro.com\/index.php\/produkt\/levior-r-respirator-ffp2-s-ventilem-tovarni-cena-14753\/","og_image":[{"width":1000,"height":750,"url":"https:\/\/www.domkraftpro.com\/wp-content\/uploads\/2026\/SK0006858-CZ20260425-092522-0-1777080324-115060_rewrite-139747-50503.webp","type":"image\/webp"}],"twitter_card":"summary_large_image","schema":{"@context":"https:\/\/schema.org","@graph":[{"@type":"WebPage","@id":"https:\/\/www.domkraftpro.com\/index.php\/produkt\/levior-r-respirator-ffp2-s-ventilem-tovarni-cena-14753\/","url":"https:\/\/www.domkraftpro.com\/index.php\/produkt\/levior-r-respirator-ffp2-s-ventilem-tovarni-cena-14753\/","name":"LEVIOR\u00ae Respir\u00e1tor FFP2 s ventilem Tov\u00e1rn\u00ed Cena -","isPartOf":{"@id":"https:\/\/www.domkraftpro.com\/#website"},"primaryImageOfPage":{"@id":"https:\/\/www.domkraftpro.com\/index.php\/produkt\/levior-r-respirator-ffp2-s-ventilem-tovarni-cena-14753\/#primaryimage"},"image":{"@id":"https:\/\/www.domkraftpro.com\/index.php\/produkt\/levior-r-respirator-ffp2-s-ventilem-tovarni-cena-14753\/#primaryimage"},"thumbnailUrl":"https:\/\/www.domkraftpro.com\/wp-content\/uploads\/2026\/SK0006858-CZ20260425-092522-0-1777080324-115060_rewrite-139747-50503.webp","datePublished":"2026-04-27T04:40:59+00:00","breadcrumb":{"@id":"https:\/\/www.domkraftpro.com\/index.php\/produkt\/levior-r-respirator-ffp2-s-ventilem-tovarni-cena-14753\/#breadcrumb"},"inLanguage":"cs","potentialAction":[{"@type":"ReadAction","target":["https:\/\/www.domkraftpro.com\/index.php\/produkt\/levior-r-respirator-ffp2-s-ventilem-tovarni-cena-14753\/"]}]},{"@type":"ImageObject","inLanguage":"cs","@id":"https:\/\/www.domkraftpro.com\/index.php\/produkt\/levior-r-respirator-ffp2-s-ventilem-tovarni-cena-14753\/#primaryimage","url":"https:\/\/www.domkraftpro.com\/wp-content\/uploads\/2026\/SK0006858-CZ20260425-092522-0-1777080324-115060_rewrite-139747-50503.webp","contentUrl":"https:\/\/www.domkraftpro.com\/wp-content\/uploads\/2026\/SK0006858-CZ20260425-092522-0-1777080324-115060_rewrite-139747-50503.webp","width":1000,"height":750},{"@type":"BreadcrumbList","@id":"https:\/\/www.domkraftpro.com\/index.php\/produkt\/levior-r-respirator-ffp2-s-ventilem-tovarni-cena-14753\/#breadcrumb","itemListElement":[{"@type":"ListItem","position":1,"name":"Home","item":"https:\/\/www.domkraftpro.com\/"},{"@type":"ListItem","position":2,"name":"Products","item":"https:\/\/www.domkraftpro.com\/index.php\/products\/"},{"@type":"ListItem","position":3,"name":"LEVIOR\u00ae Respir\u00e1tor FFP2 s ventilem Tov\u00e1rn\u00ed Cena"}]},{"@type":"WebSite","@id":"https:\/\/www.domkraftpro.com\/#website","url":"https:\/\/www.domkraftpro.com\/","name":"","description":"","potentialAction":[{"@type":"SearchAction","target":{"@type":"EntryPoint","urlTemplate":"https:\/\/www.domkraftpro.com\/?s={search_term_string}"},"query-input":{"@type":"PropertyValueSpecification","valueRequired":true,"valueName":"search_term_string"}}],"inLanguage":"cs"}]}},"_links":{"self":[{"href":"https:\/\/www.domkraftpro.com\/index.php\/wp-json\/wp\/v2\/product\/14753","targetHints":{"allow":["GET"]}}],"collection":[{"href":"https:\/\/www.domkraftpro.com\/index.php\/wp-json\/wp\/v2\/product"}],"about":[{"href":"https:\/\/www.domkraftpro.com\/index.php\/wp-json\/wp\/v2\/types\/product"}],"replies":[{"embeddable":true,"href":"https:\/\/www.domkraftpro.com\/index.php\/wp-json\/wp\/v2\/comments?post=14753"}],"wp:featuredmedia":[{"embeddable":true,"href":"https:\/\/www.domkraftpro.com\/index.php\/wp-json\/wp\/v2\/media\/14853"}],"wp:attachment":[{"href":"https:\/\/www.domkraftpro.com\/index.php\/wp-json\/wp\/v2\/media?parent=14753"}],"wp:term":[{"taxonomy":"product_brand","embeddable":true,"href":"https:\/\/www.domkraftpro.com\/index.php\/wp-json\/wp\/v2\/product_brand?post=14753"},{"taxonomy":"product_cat","embeddable":true,"href":"https:\/\/www.domkraftpro.com\/index.php\/wp-json\/wp\/v2\/product_cat?post=14753"},{"taxonomy":"product_tag","embeddable":true,"href":"https:\/\/www.domkraftpro.com\/index.php\/wp-json\/wp\/v2\/product_tag?post=14753"}],"curies":[{"name":"wp","href":"https:\/\/api.w.org\/{rel}","templated":true}]}}

LEVIOR® Respirátor FFP2 s ventilem Tovární Cena

<div class="basic-description">
<h3>Detailní popis produktu</h3>
<p>                                    Skládaný respirátor pro ochranu dýchacích cest při práci v prašném prostředí. Filtrační médium je vyrobeno z polypropylenu. Respirátor má nastavitelnou nosní svěrku, měkkou nosní pěnu a nastavitelnou <span class="show-tooltip" title="Délka&amp;nbsp;je jedna ze základních&amp;nbsp;fyzikálních veličin. Pomocí délky se vyjadřuje vzájemná poloha a rozprostraněnost objektů v prostoru. Délka jako fyzikální veličina vychází z geometrického pojmu&amp;nbsp;délky&amp;nbsp;jako&amp;nbsp;míry&amp;nbsp;ohraničené&amp;hellip;">délku</span> dvojitého gumového pásku.Třída: FFP2Norma: CE EN 149                            </div>

<p>Detailní popis produktu Skládaný respirátor pro ochranu dýchacích cest při práci v prašném prostředí. Filtrační médium je vyrobeno z polypropylenu. Respirátor má nastavitelnou nosní svěrku, měkkou nosní pěnu a nastavitelnou délku dvojitého gumového pásku.Třída: FFP2Norma: CE EN 149</p>

<!-- This site is optimized with the Yoast SEO plugin v26.8 - https://yoast.com/product/yoast-seo-wordpress/ -->
<title>LEVIOR® Respirátor FFP2 s ventilem Tovární Cena -</title>
<meta name="robots" content="index, follow, max-snippet:-1, max-image-preview:large, max-video-preview:-1" />
<link rel="canonical" href="https://www.domkraftpro.com/index.php/produkt/levior-r-respirator-ffp2-s-ventilem-tovarni-cena-14753/" />
<meta property="og:locale" content="cs_CZ" />
<meta property="og:type" content="article" />
<meta property="og:title" content="LEVIOR® Respirátor FFP2 s ventilem Tovární Cena -" />
<meta property="og:description" content="Detailní popis produktu Skládaný respirátor pro ochranu dýchacích cest při práci v prašném prostředí. Filtrační médium je vyrobeno z polypropylenu. Respirátor má nastavitelnou nosní svěrku, měkkou nosní pěnu a nastavitelnou délku dvojitého gumového pásku.Třída: FFP2Norma: CE EN 149" />
<meta property="og:url" content="https://www.domkraftpro.com/index.php/produkt/levior-r-respirator-ffp2-s-ventilem-tovarni-cena-14753/" />
<meta property="og:image" content="https://www.domkraftpro.com/wp-content/uploads/2026/SK0006858-CZ20260425-092522-0-1777080324-115060_rewrite-139747-50503.webp" />
	<meta property="og:image:width" content="1000" />
	<meta property="og:image:height" content="750" />
	<meta property="og:image:type" content="image/webp" />
<meta name="twitter:card" content="summary_large_image" />
<script type="application/ld+json" class="yoast-schema-graph">{"@context":"https://schema.org","@graph":[{"@type":"WebPage","@id":"https://www.domkraftpro.com/index.php/produkt/levior-r-respirator-ffp2-s-ventilem-tovarni-cena-14753/","url":"https://www.domkraftpro.com/index.php/produkt/levior-r-respirator-ffp2-s-ventilem-tovarni-cena-14753/","name":"LEVIOR® Respirátor FFP2 s ventilem Tovární Cena -","isPartOf":{"@id":"https://www.domkraftpro.com/#website"},"primaryImageOfPage":{"@id":"https://www.domkraftpro.com/index.php/produkt/levior-r-respirator-ffp2-s-ventilem-tovarni-cena-14753/#primaryimage"},"image":{"@id":"https://www.domkraftpro.com/index.php/produkt/levior-r-respirator-ffp2-s-ventilem-tovarni-cena-14753/#primaryimage"},"thumbnailUrl":"https://www.domkraftpro.com/wp-content/uploads/2026/SK0006858-CZ20260425-092522-0-1777080324-115060_rewrite-139747-50503.webp","datePublished":"2026-04-27T04:40:59+00:00","breadcrumb":{"@id":"https://www.domkraftpro.com/index.php/produkt/levior-r-respirator-ffp2-s-ventilem-tovarni-cena-14753/#breadcrumb"},"inLanguage":"cs","potentialAction":[{"@type":"ReadAction","target":["https://www.domkraftpro.com/index.php/produkt/levior-r-respirator-ffp2-s-ventilem-tovarni-cena-14753/"]}]},{"@type":"ImageObject","inLanguage":"cs","@id":"https://www.domkraftpro.com/index.php/produkt/levior-r-respirator-ffp2-s-ventilem-tovarni-cena-14753/#primaryimage","url":"https://www.domkraftpro.com/wp-content/uploads/2026/SK0006858-CZ20260425-092522-0-1777080324-115060_rewrite-139747-50503.webp","contentUrl":"https://www.domkraftpro.com/wp-content/uploads/2026/SK0006858-CZ20260425-092522-0-1777080324-115060_rewrite-139747-50503.webp","width":1000,"height":750},{"@type":"BreadcrumbList","@id":"https://www.domkraftpro.com/index.php/produkt/levior-r-respirator-ffp2-s-ventilem-tovarni-cena-14753/#breadcrumb","itemListElement":[{"@type":"ListItem","position":1,"name":"Home","item":"https://www.domkraftpro.com/"},{"@type":"ListItem","position":2,"name":"Products","item":"https://www.domkraftpro.com/index.php/products/"},{"@type":"ListItem","position":3,"name":"LEVIOR® Respirátor FFP2 s ventilem Tovární Cena"}]},{"@type":"WebSite","@id":"https://www.domkraftpro.com/#website","url":"https://www.domkraftpro.com/","name":"","description":"","potentialAction":[{"@type":"SearchAction","target":{"@type":"EntryPoint","urlTemplate":"https://www.domkraftpro.com/?s={search_term_string}"},"query-input":{"@type":"PropertyValueSpecification","valueRequired":true,"valueName":"search_term_string"}}],"inLanguage":"cs"}]}</script>
<!-- / Yoast SEO plugin. -->

LEVIOR® Respirátor FFP2 s ventilem Tovární Cena -

Detailní popis produktu Skládaný respirátor pro ochranu dýchacích cest při práci v prašném prostředí. Filtrační médium je vyrobeno z polypropylenu. Respirátor má nastavitelnou nosní svěrku, měkkou nosní pěnu a nastavitelnou délku dvojitého gumového pásku.Třída: FFP2Norma: CE EN 149
