{"id":14733,"date":"2026-04-27T04:40:59","date_gmt":"2026-04-27T04:40:59","guid":{"rendered":""},"modified":"2026-04-27T04:40:59","modified_gmt":"2026-04-27T04:40:59","slug":"eternal-r-renovacni-lak-originalni-14733","status":"publish","type":"product","link":"https:\/\/www.domkraftpro.com\/index.php\/produkt\/eternal-r-renovacni-lak-originalni-14733\/","title":{"rendered":"ETERNAL\u00ae Renova\u010dn\u00ed lak Origin\u00e1ln\u00ed"},"content":{"rendered":"<div class=\"basic-description\">\n<h3>Detailn\u00ed popis produktu<\/h3>\n<h1><strong>ETERNAL\u00ae Renova\u010dn\u00ed <span class=\"show-tooltip\" title=\"Lak je povlak nebo n\u00e1t\u011br, kter\u00fd se nan\u00e1\u0161\u00ed na povrchy s c\u00edlem zv\u00fd\u0161it jejich odolnost, estetick\u00fd vzhled nebo ochranu. Existuje mnoho r\u016fzn\u00fdch typ\u016f lak\u016f, z nich\u017e ka\u017ed\u00fd je ur\u010den pro specifick\u00e9 pou\u017eit\u00ed a materi\u00e1ly:Vodou \u0159editeln\u00fd lak: Typ&amp;hellip;\">lak<\/span><\/strong><\/h1>\n<div><strong>\u058d <span class=\"show-tooltip\" title=\"Jednoslo\u017ekov\u00fd je term\u00edn, kter\u00fd se pou\u017e\u00edv\u00e1 pro popis n\u011b\u010deho, co se skl\u00e1d\u00e1 z jedin\u00e9 slo\u017eky nebo prvk\u016f. Tento term\u00edn je obvykle pou\u017e\u00edv\u00e1n ve spojen\u00ed s materi\u00e1ly, chemick\u00fdmi sm\u011bsmi nebo v\u00fdrobky, kter\u00e9 nevy\u017eaduj\u00ed \u017e\u00e1dn\u00e9 dal\u0161\u00ed sm\u00ed\u0161en\u00ed nebo kombinaci, proto\u017ee&amp;hellip;\">Jednoslo\u017ekov\u00fd<\/span> <span class=\"show-tooltip\" title=\"Voda,&amp;nbsp;chemick\u00fdm vzorcem&amp;nbsp;H2O,&amp;nbsp;systematick\u00fd n\u00e1zev&amp;nbsp;oxidan, je&amp;nbsp;chemick\u00e1 slou\u010denina&amp;nbsp;vod\u00edku&amp;nbsp;a&amp;nbsp;kysl\u00edku. Spolu se&amp;nbsp;vzduchem, resp.&amp;nbsp;zemskou atmosf\u00e9rou, tvo\u0159\u00ed z\u00e1kladn\u00ed podm\u00ednky pro&amp;hellip;\">vodou<\/span> \u0159editeln\u00fd <span class=\"show-tooltip\" title=\"Akryl\u00e1ty jsou polymern\u00ed materi\u00e1ly, kter\u00e9 pat\u0159\u00ed do skupiny plast\u016f. Jsou odvozeny z akrylov\u00e9 kyseliny nebo jej\u00edch deriv\u00e1t\u016f. Tyto polymery jsou zn\u00e1m\u00e9 pro svou pru\u017enost, odolnost a schopnost odol\u00e1vat po\u0161kozen\u00ed vlivem UV z\u00e1\u0159en\u00ed a po\u010das\u00ed. Akryl\u00e1ty se \u010dasto&amp;hellip;\">akryl\u00e1tov\u00fd<\/span> lak vyvinut\u00fd pro vnit\u0159n\u00ed i venkovn\u00ed pou\u017eit\u00ed. <\/strong><\/div>\n<div><strong>\u058d Tento lak je ide\u00e1ln\u00ed pro renovace star\u0161\u00edch mozaikov\u00fdch <span class=\"show-tooltip\" title=\"Om\u00edtka je vrstva materi\u00e1lu, kter\u00e1 se nan\u00e1\u0161\u00ed na povrch st\u011bn nebo strop\u016f budov a slou\u017e\u00ed k vytvo\u0159en\u00ed hladk\u00e9, rovnom\u011brn\u00e9 a dekorativn\u00ed povrchov\u00e9 \u00fapravy. Om\u00edtka m\u016f\u017ee plnit r\u016fzn\u00e9 funkce, v\u010detn\u011b estetick\u00fdch, ochrann\u00fdch a tepeln\u011b izola\u010dn\u00edch.&amp;nbsp;Zakr\u00fdv\u00e1&amp;hellip;\">om\u00edtek<\/span>, <span class=\"show-tooltip\" title=\"Beton je stavebn\u00ed materi\u00e1l slo\u017een\u00fd z n\u011bkolika z\u00e1kladn\u00edch slo\u017eek, v\u010detn\u011b cementu, vody, p\u00edsku (nebo jemn\u00e9ho \u0161t\u011brku) a hrub\u00e9ho \u0161t\u011brku nebo kamene. Tato sm\u011bs se pe\u010dliv\u011b prom\u00edch\u00e1 a pot\u00e9 ztvrdne a z\u00edsk\u00e1 pevnou a odolnou strukturu. Beton je&amp;hellip;\">betonov\u00fdch<\/span> nepochoz\u00edch v\u00fdrobk\u016f, betonov\u00fdch st\u0159e\u0161n\u00edch krytin, granulovan\u00fdch st\u0159e\u0161n\u00edch krytin, n\u00e1t\u011bry kamene, <span class=\"show-tooltip\" title=\"Cihla je stavebn\u00ed materi\u00e1l, obvykle obd\u00e9ln\u00edkov\u00fd \u010di kv\u00e1drov\u00fd tvar, vyr\u00e1b\u011bn\u00fd z p\u00e1len\u00e9 hl\u00edny nebo jin\u00fdch materi\u00e1l\u016f. Cihly jsou b\u011b\u017en\u011b pou\u017e\u00edv\u00e1ny p\u0159i stavb\u011b zd\u00ed a dal\u0161\u00edch konstrukc\u00ed. Existuj\u00ed r\u016fzn\u00e9 druhy cihel s r\u016fzn\u00fdmi vlastnostmi a ur\u010den\u00edm, v\u010detn\u011b cihel&amp;hellip;\">cihel<\/span>, vl\u00e1knocementov\u00fdch a cementot\u0159\u00edskov\u00fdch desek a dal\u0161\u00edch miner\u00e1ln\u00edch povrch\u016f. <\/strong><\/div>\n<div><strong>\u058d M\u016f\u017ee b\u00fdt rovn\u011b\u017e pou\u017eit pro n\u00e1t\u011bry <span class=\"show-tooltip\" title=\"D\u0159evo&amp;nbsp;je tvrd\u00e9 a p\u00f3rovit\u00e9&amp;nbsp;rostlinn\u00e9 pletivo&amp;nbsp;(tk\u00e1\u0148), je\u017e tvo\u0159\u00ed kmeny, ko\u0159eny a v\u011btve strom\u016f, ke\u0159\u016f a dal\u0161\u00edch&amp;nbsp;d\u0159evin. Skl\u00e1d\u00e1 se z&amp;nbsp;celul\u00f3zov\u00fdch&amp;nbsp;vl\u00e1ken s vysokou pevnost\u00ed v tahu a&amp;nbsp;ligninov\u00e9&amp;nbsp;v\u00fdpln\u011b, kter\u00e1&amp;hellip;\">d\u0159ev\u011bn\u00fdch<\/span> \u010di <span class=\"show-tooltip\" title=\"Kovy&amp;nbsp;tvo\u0159\u00ed spole\u010dn\u011b s&amp;nbsp;polokovy&amp;nbsp;a&amp;nbsp;nekovy&amp;nbsp;t\u0159i hlavn\u00ed skupiny&amp;nbsp;chemick\u00fdch prvk\u016f. Rozd\u011blen\u00ed je prov\u00e1d\u011bno s ohledem na&amp;nbsp;vazebn\u00e9&amp;nbsp;a&amp;nbsp;ioniza\u010dn\u00ed&amp;nbsp;vlastnosti prvk\u016f. Kovy jsou charakterizovan\u00e9&amp;hellip;\">kovov\u00fdch<\/span> podklad\u016f, kter\u00e9 jsou opat\u0159eny akryl\u00e1tov\u00fdmi n\u00e1t\u011brov\u00fdmi hmotami. <\/strong><\/div>\n<div><strong>\u058d Nen\u00ed vhodn\u00fd pro p\u0159\u00edm\u00fd styk s potravinami a pitnou vodou.<\/strong><\/div>\n<div>&nbsp;<\/div>\n<div><strong>Univerz\u00e1ln\u00ed pou\u017eit\u00ed:<\/strong> Ide\u00e1ln\u00ed pro renovace r\u016fzn\u00fdch povrch\u016f, v\u010detn\u011b mozaikov\u00fdch om\u00edtek, betonu, st\u0159e\u0161n\u00edch krytin, kamene, cihel a dal\u0161\u00edch miner\u00e1ln\u00edch podklad\u016f.<\/div>\n<div><strong>Venkovn\u00ed pou\u017eit\u00ed:<\/strong> Speci\u00e1ln\u011b vyvinut\u00fd pro venkovn\u00ed aplikace, odol\u00e1v\u00e1 pov\u011btrnostn\u00edm vliv\u016fm a zm\u011bn\u00e1m teplot.<\/div>\n<div><strong>Dvouvrstv\u00e1 aplikace:<\/strong> Aplikace se doporu\u010duje ve dvou vrstv\u00e1ch, co\u017e zaji\u0161\u0165uje rovnom\u011brn\u00fd a odoln\u00fd n\u00e1t\u011br.<\/div>\n<div><strong>Technologick\u00e1 p\u0159est\u00e1vka:<\/strong> Mezi n\u00e1t\u011bry je doporu\u010dena technologick\u00e1 p\u0159est\u00e1vka 2 hodiny, co\u017e umo\u017e\u0148uje optim\u00e1ln\u00ed <span class=\"show-tooltip\" title=\"&amp;nbsp;Vytvrzen\u00ed je proces, p\u0159i kter\u00e9m se tekut\u00fd, pastovit\u00fd nebo tv\u00e1rn\u00fd materi\u00e1l postupn\u011b m\u011bn\u00ed v pevn\u00fd a mechanicky odoln\u00fd stav. Doch\u00e1z\u00ed p\u0159i n\u011bm ke zm\u011bn\u011b fyzik\u00e1ln\u00edch a\/nebo chemick\u00fdch vlastnost\u00ed materi\u00e1lu, co\u017e z\u00e1sadn\u011b ovliv\u0148uje jeho pevnost,&amp;hellip;\">vytvrzen\u00ed<\/span> lakovan\u00e9ho povrchu.<\/div>\n<div><strong>Snadn\u00e9 zpracov\u00e1n\u00ed:<\/strong> Nan\u00e1\u0161\u00ed se <span class=\"show-tooltip\" title=\"\u0160t\u011btec je n\u00e1stroj pou\u017e\u00edvan\u00fd pro malov\u00e1n\u00ed, nan\u00e1\u0161en\u00ed laku, barvy, lepidel nebo jin\u00fdch podobn\u00fdch l\u00e1tek na povrchy. Skl\u00e1d\u00e1 se z h\u0159betu (t\u011bla) a chlup\u016f (vl\u00e1ken), kter\u00e9 jsou p\u0159ipevn\u011bny k h\u0159betu. Chlupy mohou b\u00fdt vyrobeny z r\u016fzn\u00fdch materi\u00e1l\u016f, jako&amp;hellip;\">\u0161t\u011btcem<\/span>, v\u00e1le\u010dkem nebo st\u0159\u00edk\u00e1n\u00edm na p\u0159ipraven\u00fd podklad. Snadn\u00e9 zpracov\u00e1n\u00ed usnad\u0148uje aplikaci.<\/div>\n<div><strong><span class=\"show-tooltip\" title=\"Teplota&amp;nbsp;je charakteristika tepeln\u00e9ho&amp;nbsp;stavu&amp;nbsp;hmoty. Je to jedna z nejd\u016fle\u017eit\u011bj\u0161\u00edch fyzik\u00e1ln\u00edch veli\u010din. Teplota ovliv\u0148uje aktivitu (energii) ve\u0161ker\u00fdch \u010d\u00e1stic ve vesm\u00edru a zp\u016fsobuje zm\u011bnu rozm\u011br\u016f, tvaru&amp;hellip;\">Teplotn\u00ed<\/span> rozmez\u00ed:<\/strong> Aplikace je optim\u00e1ln\u00ed p\u0159i teplot\u00e1ch mezi 10 \u00b0C a 30 \u00b0C.<\/div>\n<div><strong><span class=\"show-tooltip\" title=\"Spot\u0159eba materi\u00e1lu je m\u011b\u0159en\u00ed mno\u017estv\u00ed surovin, komponent\u016f nebo materi\u00e1l\u016f, kter\u00e9 jsou pou\u017eity p\u0159i v\u00fdrob\u011b, konstrukci, instalaci, aplikaci nebo provozu n\u011bjak\u00e9ho v\u00fdrobku, za\u0159\u00edzen\u00ed nebo syst\u00e9mu.Spot\u0159eba materi\u00e1lu m\u016f\u017ee b\u00fdt vyj\u00e1d\u0159ena v r\u016fzn\u00fdch&amp;hellip;\">Spot\u0159eba<\/span>:<\/strong> Spot\u0159eba se pohybuje v rozmez\u00ed 0,20 \u2013 0,25 kg\/m\u00b2 ve dvou vrstv\u00e1ch, v z\u00e1vislosti na savosti a struktu\u0159e podkladu.<\/div>\n<div>Aplika\u010dn\u00ed pokyny:<\/div>\n<div><strong>P\u0159\u00edprava podkladu:<\/strong> P\u0159ed aplikac\u00ed je d\u016fle\u017eit\u00e9 zajistit \u010dist\u00fd a such\u00fd podklad.<\/div>\n<div><strong>Aplikace:<\/strong> Nan\u00e1\u0161\u00ed se ve dvou vrstv\u00e1ch, s technologickou p\u0159est\u00e1vkou 2 hodiny.<\/div>\n<div><strong>\u010ci\u0161t\u011bn\u00ed <span class=\"show-tooltip\" title=\"N\u00e1stroj&amp;nbsp;je pracovn\u00ed prost\u0159edek, pom\u016fcka k zpracov\u00e1n\u00ed n\u011b\u010deho (pracovn\u00ed n\u00e1stroj, \u0159emeslnick\u00fd n\u00e1stroj, chirurgick\u00fd n\u00e1stroj aj.), p\u0159\u00edp. v\u00fdrobn\u00ed pom\u016fcka slou\u017e\u00edc\u00ed p\u0159i ru\u010dn\u00edm nebo strojn\u00edm obr\u00e1b\u011bn\u00ed ke zm\u011bn\u011b velikosti nebo tvaru opracov\u00e1van\u00e9ho&amp;hellip;\">n\u00e1\u0159ad\u00ed<\/span>:<\/strong> N\u00e1\u0159ad\u00ed a za\u0159\u00edzen\u00ed je nutn\u00e9 ihned po ukon\u010den\u00ed pr\u00e1ce um\u00fdt vodou.<\/div>\n<div><strong>Velikosti balen\u00ed:<\/strong> 1 kg, 5 kg<\/div>\n<div><strong>V\u00fdrobce:<\/strong> AUSTIS a.s., \u010cesk\u00e1 republika<\/div>\n<\/p><\/div>\n","protected":false},"excerpt":{"rendered":"<p>Detailn\u00ed popis produktu ETERNAL\u00ae Renova\u010dn\u00ed lak \u058d Jednoslo\u017ekov\u00fd vodou \u0159editeln\u00fd akryl\u00e1tov\u00fd lak vyvinut\u00fd pro vnit\u0159n\u00ed i venkovn\u00ed pou\u017eit\u00ed. \u058d Tento lak je ide\u00e1ln\u00ed pro renovace star\u0161\u00edch mozaikov\u00fdch om\u00edtek, betonov\u00fdch nepochoz\u00edch v\u00fdrobk\u016f, betonov\u00fdch st\u0159e\u0161n\u00edch krytin, granulovan\u00fdch st\u0159e\u0161n\u00edch krytin, n\u00e1t\u011bry kamene, cihel, vl\u00e1knocementov\u00fdch a cementot\u0159\u00edskov\u00fdch desek a dal\u0161\u00edch miner\u00e1ln\u00edch povrch\u016f. \u058d M\u016f\u017ee b\u00fdt rovn\u011b\u017e pou\u017eit pro n\u00e1t\u011bry [&hellip;]<\/p>\n","protected":false},"featured_media":14833,"comment_status":"open","ping_status":"open","template":"","meta":[],"product_brand":[],"product_cat":[62],"product_tag":[],"class_list":{"0":"post-14733","1":"product","2":"type-product","3":"status-publish","4":"has-post-thumbnail","6":"product_cat-barvy-amp-laky","8":"first","9":"instock","10":"sale","11":"shipping-taxable","12":"purchasable","13":"product-type-simple"},"yoast_head":"<!-- This site is optimized with the Yoast SEO plugin v26.8 - https:\/\/yoast.com\/product\/yoast-seo-wordpress\/ -->\n<title>ETERNAL\u00ae Renova\u010dn\u00ed lak Origin\u00e1ln\u00ed -<\/title>\n<meta name=\"robots\" content=\"index, follow, max-snippet:-1, max-image-preview:large, max-video-preview:-1\" \/>\n<link rel=\"canonical\" href=\"https:\/\/www.domkraftpro.com\/index.php\/produkt\/eternal-r-renovacni-lak-originalni-14733\/\" \/>\n<meta property=\"og:locale\" content=\"cs_CZ\" \/>\n<meta property=\"og:type\" content=\"article\" \/>\n<meta property=\"og:title\" content=\"ETERNAL\u00ae Renova\u010dn\u00ed lak Origin\u00e1ln\u00ed -\" \/>\n<meta property=\"og:description\" content=\"Detailn\u00ed popis produktu ETERNAL\u00ae Renova\u010dn\u00ed lak \u058d Jednoslo\u017ekov\u00fd vodou \u0159editeln\u00fd akryl\u00e1tov\u00fd lak vyvinut\u00fd pro vnit\u0159n\u00ed i venkovn\u00ed pou\u017eit\u00ed. \u058d Tento lak je ide\u00e1ln\u00ed pro renovace star\u0161\u00edch mozaikov\u00fdch om\u00edtek, betonov\u00fdch nepochoz\u00edch v\u00fdrobk\u016f, betonov\u00fdch st\u0159e\u0161n\u00edch krytin, granulovan\u00fdch st\u0159e\u0161n\u00edch krytin, n\u00e1t\u011bry kamene, cihel, vl\u00e1knocementov\u00fdch a cementot\u0159\u00edskov\u00fdch desek a dal\u0161\u00edch miner\u00e1ln\u00edch povrch\u016f. \u058d M\u016f\u017ee b\u00fdt rovn\u011b\u017e pou\u017eit pro n\u00e1t\u011bry [&hellip;]\" \/>\n<meta property=\"og:url\" content=\"https:\/\/www.domkraftpro.com\/index.php\/produkt\/eternal-r-renovacni-lak-originalni-14733\/\" \/>\n<meta property=\"og:image\" content=\"https:\/\/www.domkraftpro.com\/wp-content\/uploads\/2026\/SK0006838-CZ20260425-092522-0-1777080324-114999-3_eternal-renovacni-lak.webp\" \/>\n\t<meta property=\"og:image:width\" content=\"1000\" \/>\n\t<meta property=\"og:image:height\" content=\"750\" \/>\n\t<meta property=\"og:image:type\" content=\"image\/webp\" \/>\n<meta name=\"twitter:card\" content=\"summary_large_image\" \/>\n<meta name=\"twitter:label1\" content=\"Odhadovan\u00e1 doba \u010dten\u00ed\" \/>\n\t<meta name=\"twitter:data1\" content=\"2 minuty\" \/>\n<script type=\"application\/ld+json\" class=\"yoast-schema-graph\">{\"@context\":\"https:\/\/schema.org\",\"@graph\":[{\"@type\":\"WebPage\",\"@id\":\"https:\/\/www.domkraftpro.com\/index.php\/produkt\/eternal-r-renovacni-lak-originalni-14733\/\",\"url\":\"https:\/\/www.domkraftpro.com\/index.php\/produkt\/eternal-r-renovacni-lak-originalni-14733\/\",\"name\":\"ETERNAL\u00ae Renova\u010dn\u00ed lak Origin\u00e1ln\u00ed -\",\"isPartOf\":{\"@id\":\"https:\/\/www.domkraftpro.com\/#website\"},\"primaryImageOfPage\":{\"@id\":\"https:\/\/www.domkraftpro.com\/index.php\/produkt\/eternal-r-renovacni-lak-originalni-14733\/#primaryimage\"},\"image\":{\"@id\":\"https:\/\/www.domkraftpro.com\/index.php\/produkt\/eternal-r-renovacni-lak-originalni-14733\/#primaryimage\"},\"thumbnailUrl\":\"https:\/\/www.domkraftpro.com\/wp-content\/uploads\/2026\/SK0006838-CZ20260425-092522-0-1777080324-114999-3_eternal-renovacni-lak.webp\",\"datePublished\":\"2026-04-27T04:40:59+00:00\",\"breadcrumb\":{\"@id\":\"https:\/\/www.domkraftpro.com\/index.php\/produkt\/eternal-r-renovacni-lak-originalni-14733\/#breadcrumb\"},\"inLanguage\":\"cs\",\"potentialAction\":[{\"@type\":\"ReadAction\",\"target\":[\"https:\/\/www.domkraftpro.com\/index.php\/produkt\/eternal-r-renovacni-lak-originalni-14733\/\"]}]},{\"@type\":\"ImageObject\",\"inLanguage\":\"cs\",\"@id\":\"https:\/\/www.domkraftpro.com\/index.php\/produkt\/eternal-r-renovacni-lak-originalni-14733\/#primaryimage\",\"url\":\"https:\/\/www.domkraftpro.com\/wp-content\/uploads\/2026\/SK0006838-CZ20260425-092522-0-1777080324-114999-3_eternal-renovacni-lak.webp\",\"contentUrl\":\"https:\/\/www.domkraftpro.com\/wp-content\/uploads\/2026\/SK0006838-CZ20260425-092522-0-1777080324-114999-3_eternal-renovacni-lak.webp\",\"width\":1000,\"height\":750},{\"@type\":\"BreadcrumbList\",\"@id\":\"https:\/\/www.domkraftpro.com\/index.php\/produkt\/eternal-r-renovacni-lak-originalni-14733\/#breadcrumb\",\"itemListElement\":[{\"@type\":\"ListItem\",\"position\":1,\"name\":\"Home\",\"item\":\"https:\/\/www.domkraftpro.com\/\"},{\"@type\":\"ListItem\",\"position\":2,\"name\":\"Products\",\"item\":\"https:\/\/www.domkraftpro.com\/index.php\/products\/\"},{\"@type\":\"ListItem\",\"position\":3,\"name\":\"ETERNAL\u00ae Renova\u010dn\u00ed lak Origin\u00e1ln\u00ed\"}]},{\"@type\":\"WebSite\",\"@id\":\"https:\/\/www.domkraftpro.com\/#website\",\"url\":\"https:\/\/www.domkraftpro.com\/\",\"name\":\"\",\"description\":\"\",\"potentialAction\":[{\"@type\":\"SearchAction\",\"target\":{\"@type\":\"EntryPoint\",\"urlTemplate\":\"https:\/\/www.domkraftpro.com\/?s={search_term_string}\"},\"query-input\":{\"@type\":\"PropertyValueSpecification\",\"valueRequired\":true,\"valueName\":\"search_term_string\"}}],\"inLanguage\":\"cs\"}]}<\/script>\n<!-- \/ Yoast SEO plugin. -->","yoast_head_json":{"title":"ETERNAL\u00ae Renova\u010dn\u00ed lak Origin\u00e1ln\u00ed -","robots":{"index":"index","follow":"follow","max-snippet":"max-snippet:-1","max-image-preview":"max-image-preview:large","max-video-preview":"max-video-preview:-1"},"canonical":"https:\/\/www.domkraftpro.com\/index.php\/produkt\/eternal-r-renovacni-lak-originalni-14733\/","og_locale":"cs_CZ","og_type":"article","og_title":"ETERNAL\u00ae Renova\u010dn\u00ed lak Origin\u00e1ln\u00ed -","og_description":"Detailn\u00ed popis produktu ETERNAL\u00ae Renova\u010dn\u00ed lak \u058d Jednoslo\u017ekov\u00fd vodou \u0159editeln\u00fd akryl\u00e1tov\u00fd lak vyvinut\u00fd pro vnit\u0159n\u00ed i venkovn\u00ed pou\u017eit\u00ed. \u058d Tento lak je ide\u00e1ln\u00ed pro renovace star\u0161\u00edch mozaikov\u00fdch om\u00edtek, betonov\u00fdch nepochoz\u00edch v\u00fdrobk\u016f, betonov\u00fdch st\u0159e\u0161n\u00edch krytin, granulovan\u00fdch st\u0159e\u0161n\u00edch krytin, n\u00e1t\u011bry kamene, cihel, vl\u00e1knocementov\u00fdch a cementot\u0159\u00edskov\u00fdch desek a dal\u0161\u00edch miner\u00e1ln\u00edch povrch\u016f. \u058d M\u016f\u017ee b\u00fdt rovn\u011b\u017e pou\u017eit pro n\u00e1t\u011bry [&hellip;]","og_url":"https:\/\/www.domkraftpro.com\/index.php\/produkt\/eternal-r-renovacni-lak-originalni-14733\/","og_image":[{"width":1000,"height":750,"url":"https:\/\/www.domkraftpro.com\/wp-content\/uploads\/2026\/SK0006838-CZ20260425-092522-0-1777080324-114999-3_eternal-renovacni-lak.webp","type":"image\/webp"}],"twitter_card":"summary_large_image","twitter_misc":{"Odhadovan\u00e1 doba \u010dten\u00ed":"2 minuty"},"schema":{"@context":"https:\/\/schema.org","@graph":[{"@type":"WebPage","@id":"https:\/\/www.domkraftpro.com\/index.php\/produkt\/eternal-r-renovacni-lak-originalni-14733\/","url":"https:\/\/www.domkraftpro.com\/index.php\/produkt\/eternal-r-renovacni-lak-originalni-14733\/","name":"ETERNAL\u00ae Renova\u010dn\u00ed lak Origin\u00e1ln\u00ed -","isPartOf":{"@id":"https:\/\/www.domkraftpro.com\/#website"},"primaryImageOfPage":{"@id":"https:\/\/www.domkraftpro.com\/index.php\/produkt\/eternal-r-renovacni-lak-originalni-14733\/#primaryimage"},"image":{"@id":"https:\/\/www.domkraftpro.com\/index.php\/produkt\/eternal-r-renovacni-lak-originalni-14733\/#primaryimage"},"thumbnailUrl":"https:\/\/www.domkraftpro.com\/wp-content\/uploads\/2026\/SK0006838-CZ20260425-092522-0-1777080324-114999-3_eternal-renovacni-lak.webp","datePublished":"2026-04-27T04:40:59+00:00","breadcrumb":{"@id":"https:\/\/www.domkraftpro.com\/index.php\/produkt\/eternal-r-renovacni-lak-originalni-14733\/#breadcrumb"},"inLanguage":"cs","potentialAction":[{"@type":"ReadAction","target":["https:\/\/www.domkraftpro.com\/index.php\/produkt\/eternal-r-renovacni-lak-originalni-14733\/"]}]},{"@type":"ImageObject","inLanguage":"cs","@id":"https:\/\/www.domkraftpro.com\/index.php\/produkt\/eternal-r-renovacni-lak-originalni-14733\/#primaryimage","url":"https:\/\/www.domkraftpro.com\/wp-content\/uploads\/2026\/SK0006838-CZ20260425-092522-0-1777080324-114999-3_eternal-renovacni-lak.webp","contentUrl":"https:\/\/www.domkraftpro.com\/wp-content\/uploads\/2026\/SK0006838-CZ20260425-092522-0-1777080324-114999-3_eternal-renovacni-lak.webp","width":1000,"height":750},{"@type":"BreadcrumbList","@id":"https:\/\/www.domkraftpro.com\/index.php\/produkt\/eternal-r-renovacni-lak-originalni-14733\/#breadcrumb","itemListElement":[{"@type":"ListItem","position":1,"name":"Home","item":"https:\/\/www.domkraftpro.com\/"},{"@type":"ListItem","position":2,"name":"Products","item":"https:\/\/www.domkraftpro.com\/index.php\/products\/"},{"@type":"ListItem","position":3,"name":"ETERNAL\u00ae Renova\u010dn\u00ed lak Origin\u00e1ln\u00ed"}]},{"@type":"WebSite","@id":"https:\/\/www.domkraftpro.com\/#website","url":"https:\/\/www.domkraftpro.com\/","name":"","description":"","potentialAction":[{"@type":"SearchAction","target":{"@type":"EntryPoint","urlTemplate":"https:\/\/www.domkraftpro.com\/?s={search_term_string}"},"query-input":{"@type":"PropertyValueSpecification","valueRequired":true,"valueName":"search_term_string"}}],"inLanguage":"cs"}]}},"_links":{"self":[{"href":"https:\/\/www.domkraftpro.com\/index.php\/wp-json\/wp\/v2\/product\/14733","targetHints":{"allow":["GET"]}}],"collection":[{"href":"https:\/\/www.domkraftpro.com\/index.php\/wp-json\/wp\/v2\/product"}],"about":[{"href":"https:\/\/www.domkraftpro.com\/index.php\/wp-json\/wp\/v2\/types\/product"}],"replies":[{"embeddable":true,"href":"https:\/\/www.domkraftpro.com\/index.php\/wp-json\/wp\/v2\/comments?post=14733"}],"wp:featuredmedia":[{"embeddable":true,"href":"https:\/\/www.domkraftpro.com\/index.php\/wp-json\/wp\/v2\/media\/14833"}],"wp:attachment":[{"href":"https:\/\/www.domkraftpro.com\/index.php\/wp-json\/wp\/v2\/media?parent=14733"}],"wp:term":[{"taxonomy":"product_brand","embeddable":true,"href":"https:\/\/www.domkraftpro.com\/index.php\/wp-json\/wp\/v2\/product_brand?post=14733"},{"taxonomy":"product_cat","embeddable":true,"href":"https:\/\/www.domkraftpro.com\/index.php\/wp-json\/wp\/v2\/product_cat?post=14733"},{"taxonomy":"product_tag","embeddable":true,"href":"https:\/\/www.domkraftpro.com\/index.php\/wp-json\/wp\/v2\/product_tag?post=14733"}],"curies":[{"name":"wp","href":"https:\/\/api.w.org\/{rel}","templated":true}]}}