{"id":14712,"date":"2026-04-27T04:40:59","date_gmt":"2026-04-27T04:40:59","guid":{"rendered":""},"modified":"2026-04-27T04:40:59","modified_gmt":"2026-04-27T04:40:59","slug":"znackovy-stahlberg-r-bit-sroubovaci-s2-torx-t50x75-mm-element-shop-cz-14712","status":"publish","type":"product","link":"https:\/\/www.domkraftpro.com\/index.php\/produkt\/znackovy-stahlberg-r-bit-sroubovaci-s2-torx-t50x75-mm-element-shop-cz-14712\/","title":{"rendered":"Zna\u010dkov\u00fd STAHLBERG\u00ae Bit \u0161roubovac\u00ed S2 TORX T50\u00d775 mm | element-shop.cz"},"content":{"rendered":"<div class=\"basic-description\">\n<h3>Detailn\u00ed popis produktu<\/h3>\n<p>                                    Kvalitn\u00ed \u0161roubovac\u00ed hrot z <span class=\"show-tooltip\" title=\"Ocel je slitina \u017eeleza s mal\u00fdm obsahem uhl\u00edku a dal\u0161\u00edmi p\u0159\u00edm\u011bsemi. Je to jeden z nejb\u011b\u017en\u011bji pou\u017e\u00edvan\u00fdch materi\u00e1l\u016f v pr\u016fmyslu a&amp;nbsp;stavebnictv\u00ed d\u00edky sv\u00fdm vlastnostem, kter\u00e9 zahrnuj\u00ed pevnost, tv\u00e1rnost a odolnost.&amp;nbsp;Z\u00e1kladn\u00ed slo\u017ekou&amp;hellip;\">oceli<\/span> nejvy\u0161\u0161\u00ed t\u0159\u00eddy S2. <span class=\"show-tooltip\" title=\"\u0160roubovac\u00ed bit&amp;nbsp;nebo tak\u00e9 \u0161roubovac\u00ed n\u00e1stavec je mal\u00fd n\u00e1stroj, kter\u00fd se pou\u017e\u00edv\u00e1 v kombinaci se \u0161roubov\u00e1kem nebo elektrickou vrta\u010dkou na vkl\u00e1d\u00e1n\u00ed nebo vyj\u00edm\u00e1n\u00ed \u0161roub\u016f. Tento hrot nebo n\u00e1stavec je navr\u017een tak, aby byl&amp;hellip;\">Bit<\/span> TORX je speci\u00e1ln\u00ed <span class=\"show-tooltip\" title=\"N\u00e1stroj&amp;nbsp;je pracovn\u00ed prost\u0159edek, pom\u016fcka k zpracov\u00e1n\u00ed n\u011b\u010deho (pracovn\u00ed n\u00e1stroj, \u0159emeslnick\u00fd n\u00e1stroj, chirurgick\u00fd n\u00e1stroj aj.), p\u0159\u00edp. v\u00fdrobn\u00ed pom\u016fcka slou\u017e\u00edc\u00ed p\u0159i ru\u010dn\u00edm nebo strojn\u00edm obr\u00e1b\u011bn\u00ed ke zm\u011bn\u011b velikosti nebo tvaru opracov\u00e1van\u00e9ho&amp;hellip;\">n\u00e1stroj<\/span> pro \u0161roubov\u00e1n\u00ed vrut\u016f, turbo <span class=\"show-tooltip\" title=\"\u0160roub je v\u00e1lcovit\u00fd nebo ku\u017eelovit\u00fd kovov\u00fd prvek s r\u016fzn\u00fdmi z\u00e1vity po cel\u00e9 d\u00e9lce, kter\u00fd slou\u017e\u00ed k upevn\u011bn\u00ed dvou \u010di v\u00edce sou\u010d\u00e1st\u00ed spolu. Jedna strana \u0161roubu m\u00e1 z\u00e1vit, kter\u00fd se za\u0161roubuje do z\u00e1vitu v p\u0159\u00edslu\u0161n\u00e9 mati\u010dce nebo do z\u00e1vitu ve st\u011bn\u011b d\u00edry.\u0160rouby&amp;hellip;\">\u0161roub\u016f<\/span>, nebo \u0161roub\u016f. TORX hroty zaru\u010duj\u00ed v\u011bt\u0161\u00ed p\u0159enos to\u010div\u00e9ho momentu do \u0161roubu.Ocel t\u0159\u00eddy S2 je kvalitativn\u011b nejvy\u0161\u0161\u00ed t\u0159\u00edda oceli pou\u017e\u00edv\u00e1na na zpracov\u00e1n\u00ed tvrzen\u00fdch jader u \u0161roubovac\u00edch bit\u016f. Vynik\u00e1 <span class=\"show-tooltip\" title=\"Mechanika je v\u011bdn\u00ed obor, kter\u00fd se zab\u00fdv\u00e1 studiem pohybu a rovnov\u00e1hy t\u011bles, a to jak v klidu, tak v pohybu. Tento obor se rozd\u011bluje do n\u011bkolika hlavn\u00edch oblast\u00ed, kter\u00e9 se li\u0161\u00ed podle typ\u016f sil, pohybov\u00fdch vzorc\u016f a aplikac\u00ed.&amp;nbsp;Mechanika je&amp;hellip;\">mechanick\u00fdmi<\/span> vlastnostmi a dispozicemi k vysok\u00fdm stup\u0148\u016fm vykalen\u00ed. Bit je vyroben p\u0159esn\u00fdm kov\u00e1n\u00edm. To zvy\u0161uje <span class=\"show-tooltip\" title=\"Pevnost je materi\u00e1lov\u00e1 vlastnost charakterizuj\u00edc\u00ed schopnost materi\u00e1lu odol\u00e1vat vn\u011bj\u0161\u00edm sil\u00e1m, kter\u00e9 by mohly zp\u016fsobit jeho deformaci, roztr\u017een\u00ed nebo jin\u00e9 formy selh\u00e1n\u00ed.Pevnost je z\u00e1kladn\u00edm parametrem pro posouzen\u00ed odolnosti materi\u00e1l\u016f v konstrukci a&amp;hellip;\">pevnost<\/span> a\u017e o 20% oproti obr\u00e1b\u011bn\u00fdm.                            <\/div>\n","protected":false},"excerpt":{"rendered":"<p>Detailn\u00ed popis produktu Kvalitn\u00ed \u0161roubovac\u00ed hrot z oceli nejvy\u0161\u0161\u00ed t\u0159\u00eddy S2. Bit TORX je speci\u00e1ln\u00ed n\u00e1stroj pro \u0161roubov\u00e1n\u00ed vrut\u016f, turbo \u0161roub\u016f, nebo \u0161roub\u016f. TORX hroty zaru\u010duj\u00ed v\u011bt\u0161\u00ed p\u0159enos to\u010div\u00e9ho momentu do \u0161roubu.Ocel t\u0159\u00eddy S2 je kvalitativn\u011b nejvy\u0161\u0161\u00ed t\u0159\u00edda oceli pou\u017e\u00edv\u00e1na na zpracov\u00e1n\u00ed tvrzen\u00fdch jader u \u0161roubovac\u00edch bit\u016f. Vynik\u00e1 mechanick\u00fdmi vlastnostmi a dispozicemi k vysok\u00fdm stup\u0148\u016fm [&hellip;]<\/p>\n","protected":false},"featured_media":14812,"comment_status":"open","ping_status":"open","template":"","meta":[],"product_brand":[],"product_cat":[52],"product_tag":[],"class_list":{"0":"post-14712","1":"product","2":"type-product","3":"status-publish","4":"has-post-thumbnail","6":"product_cat-naradi","8":"first","9":"instock","10":"sale","11":"shipping-taxable","12":"purchasable","13":"product-type-simple"},"yoast_head":"<!-- This site is optimized with the Yoast SEO plugin v26.8 - https:\/\/yoast.com\/product\/yoast-seo-wordpress\/ -->\n<title>Zna\u010dkov\u00fd STAHLBERG\u00ae Bit \u0161roubovac\u00ed S2 TORX T50\u00d775 mm | element-shop.cz -<\/title>\n<meta name=\"robots\" content=\"index, follow, max-snippet:-1, max-image-preview:large, max-video-preview:-1\" \/>\n<link rel=\"canonical\" href=\"https:\/\/www.domkraftpro.com\/index.php\/produkt\/znackovy-stahlberg-r-bit-sroubovaci-s2-torx-t50x75-mm-element-shop-cz-14712\/\" \/>\n<meta property=\"og:locale\" content=\"cs_CZ\" \/>\n<meta property=\"og:type\" content=\"article\" \/>\n<meta property=\"og:title\" content=\"Zna\u010dkov\u00fd STAHLBERG\u00ae Bit \u0161roubovac\u00ed S2 TORX T50\u00d775 mm | element-shop.cz -\" \/>\n<meta property=\"og:description\" content=\"Detailn\u00ed popis produktu Kvalitn\u00ed \u0161roubovac\u00ed hrot z oceli nejvy\u0161\u0161\u00ed t\u0159\u00eddy S2. Bit TORX je speci\u00e1ln\u00ed n\u00e1stroj pro \u0161roubov\u00e1n\u00ed vrut\u016f, turbo \u0161roub\u016f, nebo \u0161roub\u016f. TORX hroty zaru\u010duj\u00ed v\u011bt\u0161\u00ed p\u0159enos to\u010div\u00e9ho momentu do \u0161roubu.Ocel t\u0159\u00eddy S2 je kvalitativn\u011b nejvy\u0161\u0161\u00ed t\u0159\u00edda oceli pou\u017e\u00edv\u00e1na na zpracov\u00e1n\u00ed tvrzen\u00fdch jader u \u0161roubovac\u00edch bit\u016f. Vynik\u00e1 mechanick\u00fdmi vlastnostmi a dispozicemi k vysok\u00fdm stup\u0148\u016fm [&hellip;]\" \/>\n<meta property=\"og:url\" content=\"https:\/\/www.domkraftpro.com\/index.php\/produkt\/znackovy-stahlberg-r-bit-sroubovaci-s2-torx-t50x75-mm-element-shop-cz-14712\/\" \/>\n<meta property=\"og:image\" content=\"https:\/\/www.domkraftpro.com\/wp-content\/uploads\/2026\/SK0006817-CZ20260425-092522-0-1777080324-114930_rewrite-41314-17975.webp\" \/>\n\t<meta property=\"og:image:width\" content=\"1000\" \/>\n\t<meta property=\"og:image:height\" content=\"750\" \/>\n\t<meta property=\"og:image:type\" content=\"image\/webp\" \/>\n<meta name=\"twitter:card\" content=\"summary_large_image\" \/>\n<script type=\"application\/ld+json\" class=\"yoast-schema-graph\">{\"@context\":\"https:\/\/schema.org\",\"@graph\":[{\"@type\":\"WebPage\",\"@id\":\"https:\/\/www.domkraftpro.com\/index.php\/produkt\/znackovy-stahlberg-r-bit-sroubovaci-s2-torx-t50x75-mm-element-shop-cz-14712\/\",\"url\":\"https:\/\/www.domkraftpro.com\/index.php\/produkt\/znackovy-stahlberg-r-bit-sroubovaci-s2-torx-t50x75-mm-element-shop-cz-14712\/\",\"name\":\"Zna\u010dkov\u00fd STAHLBERG\u00ae Bit \u0161roubovac\u00ed S2 TORX T50\u00d775 mm | element-shop.cz -\",\"isPartOf\":{\"@id\":\"https:\/\/www.domkraftpro.com\/#website\"},\"primaryImageOfPage\":{\"@id\":\"https:\/\/www.domkraftpro.com\/index.php\/produkt\/znackovy-stahlberg-r-bit-sroubovaci-s2-torx-t50x75-mm-element-shop-cz-14712\/#primaryimage\"},\"image\":{\"@id\":\"https:\/\/www.domkraftpro.com\/index.php\/produkt\/znackovy-stahlberg-r-bit-sroubovaci-s2-torx-t50x75-mm-element-shop-cz-14712\/#primaryimage\"},\"thumbnailUrl\":\"https:\/\/www.domkraftpro.com\/wp-content\/uploads\/2026\/SK0006817-CZ20260425-092522-0-1777080324-114930_rewrite-41314-17975.webp\",\"datePublished\":\"2026-04-27T04:40:59+00:00\",\"breadcrumb\":{\"@id\":\"https:\/\/www.domkraftpro.com\/index.php\/produkt\/znackovy-stahlberg-r-bit-sroubovaci-s2-torx-t50x75-mm-element-shop-cz-14712\/#breadcrumb\"},\"inLanguage\":\"cs\",\"potentialAction\":[{\"@type\":\"ReadAction\",\"target\":[\"https:\/\/www.domkraftpro.com\/index.php\/produkt\/znackovy-stahlberg-r-bit-sroubovaci-s2-torx-t50x75-mm-element-shop-cz-14712\/\"]}]},{\"@type\":\"ImageObject\",\"inLanguage\":\"cs\",\"@id\":\"https:\/\/www.domkraftpro.com\/index.php\/produkt\/znackovy-stahlberg-r-bit-sroubovaci-s2-torx-t50x75-mm-element-shop-cz-14712\/#primaryimage\",\"url\":\"https:\/\/www.domkraftpro.com\/wp-content\/uploads\/2026\/SK0006817-CZ20260425-092522-0-1777080324-114930_rewrite-41314-17975.webp\",\"contentUrl\":\"https:\/\/www.domkraftpro.com\/wp-content\/uploads\/2026\/SK0006817-CZ20260425-092522-0-1777080324-114930_rewrite-41314-17975.webp\",\"width\":1000,\"height\":750},{\"@type\":\"BreadcrumbList\",\"@id\":\"https:\/\/www.domkraftpro.com\/index.php\/produkt\/znackovy-stahlberg-r-bit-sroubovaci-s2-torx-t50x75-mm-element-shop-cz-14712\/#breadcrumb\",\"itemListElement\":[{\"@type\":\"ListItem\",\"position\":1,\"name\":\"Home\",\"item\":\"https:\/\/www.domkraftpro.com\/\"},{\"@type\":\"ListItem\",\"position\":2,\"name\":\"Products\",\"item\":\"https:\/\/www.domkraftpro.com\/index.php\/products\/\"},{\"@type\":\"ListItem\",\"position\":3,\"name\":\"Zna\u010dkov\u00fd STAHLBERG\u00ae Bit \u0161roubovac\u00ed S2 TORX T50\u00d775 mm | element-shop.cz\"}]},{\"@type\":\"WebSite\",\"@id\":\"https:\/\/www.domkraftpro.com\/#website\",\"url\":\"https:\/\/www.domkraftpro.com\/\",\"name\":\"\",\"description\":\"\",\"potentialAction\":[{\"@type\":\"SearchAction\",\"target\":{\"@type\":\"EntryPoint\",\"urlTemplate\":\"https:\/\/www.domkraftpro.com\/?s={search_term_string}\"},\"query-input\":{\"@type\":\"PropertyValueSpecification\",\"valueRequired\":true,\"valueName\":\"search_term_string\"}}],\"inLanguage\":\"cs\"}]}<\/script>\n<!-- \/ Yoast SEO plugin. -->","yoast_head_json":{"title":"Zna\u010dkov\u00fd STAHLBERG\u00ae Bit \u0161roubovac\u00ed S2 TORX T50\u00d775 mm | element-shop.cz -","robots":{"index":"index","follow":"follow","max-snippet":"max-snippet:-1","max-image-preview":"max-image-preview:large","max-video-preview":"max-video-preview:-1"},"canonical":"https:\/\/www.domkraftpro.com\/index.php\/produkt\/znackovy-stahlberg-r-bit-sroubovaci-s2-torx-t50x75-mm-element-shop-cz-14712\/","og_locale":"cs_CZ","og_type":"article","og_title":"Zna\u010dkov\u00fd STAHLBERG\u00ae Bit \u0161roubovac\u00ed S2 TORX T50\u00d775 mm | element-shop.cz -","og_description":"Detailn\u00ed popis produktu Kvalitn\u00ed \u0161roubovac\u00ed hrot z oceli nejvy\u0161\u0161\u00ed t\u0159\u00eddy S2. Bit TORX je speci\u00e1ln\u00ed n\u00e1stroj pro \u0161roubov\u00e1n\u00ed vrut\u016f, turbo \u0161roub\u016f, nebo \u0161roub\u016f. TORX hroty zaru\u010duj\u00ed v\u011bt\u0161\u00ed p\u0159enos to\u010div\u00e9ho momentu do \u0161roubu.Ocel t\u0159\u00eddy S2 je kvalitativn\u011b nejvy\u0161\u0161\u00ed t\u0159\u00edda oceli pou\u017e\u00edv\u00e1na na zpracov\u00e1n\u00ed tvrzen\u00fdch jader u \u0161roubovac\u00edch bit\u016f. Vynik\u00e1 mechanick\u00fdmi vlastnostmi a dispozicemi k vysok\u00fdm stup\u0148\u016fm [&hellip;]","og_url":"https:\/\/www.domkraftpro.com\/index.php\/produkt\/znackovy-stahlberg-r-bit-sroubovaci-s2-torx-t50x75-mm-element-shop-cz-14712\/","og_image":[{"width":1000,"height":750,"url":"https:\/\/www.domkraftpro.com\/wp-content\/uploads\/2026\/SK0006817-CZ20260425-092522-0-1777080324-114930_rewrite-41314-17975.webp","type":"image\/webp"}],"twitter_card":"summary_large_image","schema":{"@context":"https:\/\/schema.org","@graph":[{"@type":"WebPage","@id":"https:\/\/www.domkraftpro.com\/index.php\/produkt\/znackovy-stahlberg-r-bit-sroubovaci-s2-torx-t50x75-mm-element-shop-cz-14712\/","url":"https:\/\/www.domkraftpro.com\/index.php\/produkt\/znackovy-stahlberg-r-bit-sroubovaci-s2-torx-t50x75-mm-element-shop-cz-14712\/","name":"Zna\u010dkov\u00fd STAHLBERG\u00ae Bit \u0161roubovac\u00ed S2 TORX T50\u00d775 mm | element-shop.cz -","isPartOf":{"@id":"https:\/\/www.domkraftpro.com\/#website"},"primaryImageOfPage":{"@id":"https:\/\/www.domkraftpro.com\/index.php\/produkt\/znackovy-stahlberg-r-bit-sroubovaci-s2-torx-t50x75-mm-element-shop-cz-14712\/#primaryimage"},"image":{"@id":"https:\/\/www.domkraftpro.com\/index.php\/produkt\/znackovy-stahlberg-r-bit-sroubovaci-s2-torx-t50x75-mm-element-shop-cz-14712\/#primaryimage"},"thumbnailUrl":"https:\/\/www.domkraftpro.com\/wp-content\/uploads\/2026\/SK0006817-CZ20260425-092522-0-1777080324-114930_rewrite-41314-17975.webp","datePublished":"2026-04-27T04:40:59+00:00","breadcrumb":{"@id":"https:\/\/www.domkraftpro.com\/index.php\/produkt\/znackovy-stahlberg-r-bit-sroubovaci-s2-torx-t50x75-mm-element-shop-cz-14712\/#breadcrumb"},"inLanguage":"cs","potentialAction":[{"@type":"ReadAction","target":["https:\/\/www.domkraftpro.com\/index.php\/produkt\/znackovy-stahlberg-r-bit-sroubovaci-s2-torx-t50x75-mm-element-shop-cz-14712\/"]}]},{"@type":"ImageObject","inLanguage":"cs","@id":"https:\/\/www.domkraftpro.com\/index.php\/produkt\/znackovy-stahlberg-r-bit-sroubovaci-s2-torx-t50x75-mm-element-shop-cz-14712\/#primaryimage","url":"https:\/\/www.domkraftpro.com\/wp-content\/uploads\/2026\/SK0006817-CZ20260425-092522-0-1777080324-114930_rewrite-41314-17975.webp","contentUrl":"https:\/\/www.domkraftpro.com\/wp-content\/uploads\/2026\/SK0006817-CZ20260425-092522-0-1777080324-114930_rewrite-41314-17975.webp","width":1000,"height":750},{"@type":"BreadcrumbList","@id":"https:\/\/www.domkraftpro.com\/index.php\/produkt\/znackovy-stahlberg-r-bit-sroubovaci-s2-torx-t50x75-mm-element-shop-cz-14712\/#breadcrumb","itemListElement":[{"@type":"ListItem","position":1,"name":"Home","item":"https:\/\/www.domkraftpro.com\/"},{"@type":"ListItem","position":2,"name":"Products","item":"https:\/\/www.domkraftpro.com\/index.php\/products\/"},{"@type":"ListItem","position":3,"name":"Zna\u010dkov\u00fd STAHLBERG\u00ae Bit \u0161roubovac\u00ed S2 TORX T50\u00d775 mm | element-shop.cz"}]},{"@type":"WebSite","@id":"https:\/\/www.domkraftpro.com\/#website","url":"https:\/\/www.domkraftpro.com\/","name":"","description":"","potentialAction":[{"@type":"SearchAction","target":{"@type":"EntryPoint","urlTemplate":"https:\/\/www.domkraftpro.com\/?s={search_term_string}"},"query-input":{"@type":"PropertyValueSpecification","valueRequired":true,"valueName":"search_term_string"}}],"inLanguage":"cs"}]}},"_links":{"self":[{"href":"https:\/\/www.domkraftpro.com\/index.php\/wp-json\/wp\/v2\/product\/14712","targetHints":{"allow":["GET"]}}],"collection":[{"href":"https:\/\/www.domkraftpro.com\/index.php\/wp-json\/wp\/v2\/product"}],"about":[{"href":"https:\/\/www.domkraftpro.com\/index.php\/wp-json\/wp\/v2\/types\/product"}],"replies":[{"embeddable":true,"href":"https:\/\/www.domkraftpro.com\/index.php\/wp-json\/wp\/v2\/comments?post=14712"}],"wp:featuredmedia":[{"embeddable":true,"href":"https:\/\/www.domkraftpro.com\/index.php\/wp-json\/wp\/v2\/media\/14812"}],"wp:attachment":[{"href":"https:\/\/www.domkraftpro.com\/index.php\/wp-json\/wp\/v2\/media?parent=14712"}],"wp:term":[{"taxonomy":"product_brand","embeddable":true,"href":"https:\/\/www.domkraftpro.com\/index.php\/wp-json\/wp\/v2\/product_brand?post=14712"},{"taxonomy":"product_cat","embeddable":true,"href":"https:\/\/www.domkraftpro.com\/index.php\/wp-json\/wp\/v2\/product_cat?post=14712"},{"taxonomy":"product_tag","embeddable":true,"href":"https:\/\/www.domkraftpro.com\/index.php\/wp-json\/wp\/v2\/product_tag?post=14712"}],"curies":[{"name":"wp","href":"https:\/\/api.w.org\/{rel}","templated":true}]}}