{"id":14494,"date":"2026-04-27T04:40:58","date_gmt":"2026-04-27T04:40:58","guid":{"rendered":""},"modified":"2026-04-27T04:40:58","modified_gmt":"2026-04-27T04:40:58","slug":"levny-smetak-plastovy-5131-676-z-28-cm-se-zavitem-vlakno-stepene-plast-bez-nasady-14494","status":"publish","type":"product","link":"https:\/\/www.domkraftpro.com\/index.php\/produkt\/levny-smetak-plastovy-5131-676-z-28-cm-se-zavitem-vlakno-stepene-plast-bez-nasady-14494\/","title":{"rendered":"Levn\u00fd Smet\u00e1k plastov\u00fd 5131\/676\/Z 28 cm se z\u00e1vitem, vl\u00e1kno \u0161t\u011bpen\u00e9 plast (bez n\u00e1sady)"},"content":{"rendered":"<div class=\"basic-description\">\n<h3>Detailn\u00ed popis produktu<\/h3>\n<h1><strong><span class=\"show-tooltip\" title=\"Smet\u00e1k je n\u00e1stroj pou\u017e\u00edvan\u00fd k zamet\u00e1n\u00ed a \u010di\u0161t\u011bn\u00ed povrch\u016f od prachu, ne\u010distot a odpadk\u016f.Smet\u00e1k m\u016f\u017ee b\u00fdt vyroben z r\u016fzn\u00fdch materi\u00e1l\u016f, v\u010detn\u011b plastu, d\u0159eva nebo kovu, a jeho konstrukce z\u00e1vis\u00ed na \u00fa\u010delu a prost\u0159ed\u00ed, ve kter\u00e9m bude&amp;hellip;\">Smet\u00e1k<\/span> <span class=\"show-tooltip\" title=\"Plastyn\u011bkdy tak\u00e9 naz\u00fdvan\u00e9 plastick\u00e9 \u010di um\u011bl\u00e9 hmoty, p\u0159edstavuj\u00ed \u0161irokou \u0161k\u00e1lu syntetick\u00fdch nebo \u010d\u00e1ste\u010dn\u011b syntetick\u00fdch organick\u00fdch slou\u010denin a polymern\u00edch materi\u00e1l\u016f. \u010casto obsahuj\u00ed p\u0159\u00edsady zlep\u0161uj\u00edc\u00ed jejich funk\u010dn\u00ed vlastnosti, nap\u0159\u00edklad&amp;hellip;\">plastov\u00fd<\/span> 5131\/676\/Z, z\u00e1vit, 28 cm<\/strong><\/h1>\n<div><strong>\u058d Plastov\u00fd smet\u00e1k na n\u00e1sadu s um\u011blohmotn\u00fdm \u0161t\u011bpen\u00fdm vl\u00e1knem je navr\u017een pro \u00fa\u010dinn\u00e9 \u010di\u0161t\u011bn\u00ed r\u016fzn\u00fdch povrch\u016f. <\/strong><\/div>\n<div><strong>\u058d T\u011blo smet\u00e1ku je vyrobeno z kvalitn\u00edho plastov\u00e9ho materi\u00e1lu a je opat\u0159eno otvorem s vnit\u0159n\u00edm z\u00e1vitem pro jednoduchou mont\u00e1\u017e na vhodnou n\u00e1sadu. <\/strong><\/div>\n<div><strong>\u058d Tento smet\u00e1k je k dispozici v r\u016fzn\u00fdch barevn\u00fdch variant\u00e1ch, kter\u00e9 jsou nab\u00edzeny dle aktu\u00e1ln\u00edch skladov\u00fdch z\u00e1sob.<\/strong><\/div>\n<div>\u00a0<\/div>\n<div><strong>Materi\u00e1l t\u011bla smet\u00e1ku:\u00a0<\/strong>Kvalitn\u00ed plastov\u00fd materi\u00e1l. Lehkost, odolnost a snadn\u00e1 \u00fadr\u017eba.<\/div>\n<div><strong>Vl\u00e1kna:\u00a0<\/strong>Um\u011blohmotn\u00e9 \u0161t\u011bpen\u00e9 vl\u00e1kno. Efektivn\u00ed sb\u00edr\u00e1n\u00ed prachu a ne\u010distot.<\/div>\n<div><strong>Mont\u00e1\u017en\u00ed otvor:\u00a0<\/strong>Otvor s vnit\u0159n\u00edm z\u00e1vitem. Snadn\u00e1 mont\u00e1\u017e na vhodnou n\u00e1sadu.<\/div>\n<div><strong>Barevn\u00e9 varianty:\u00a0<\/strong>Barevn\u00e1 pestrost dle aktu\u00e1ln\u00edch skladov\u00fdch z\u00e1sob.<\/div>\n<div>\u00a0<\/div>\n<div><strong>Pracovn\u00ed \u0161\u00ed\u0159ka:<\/strong> 28 cm<\/div>\n<div><strong>Materi\u00e1l chlupu:<\/strong> \u0161t\u011bpen\u00e1 <span class=\"show-tooltip\" title=\"&quot;Syntetick\u00fd&quot; je term\u00edn pou\u017e\u00edvan\u00fd k popisu n\u011b\u010deho, co bylo vyrobeno nebo vytvo\u0159eno \u010dlov\u011bkem, na rozd\u00edl od p\u0159\u00edrodn\u00edho p\u016fvodu. V kontextu materi\u00e1l\u016f, vl\u00e1ken, l\u00e1tek nebo chemick\u00fdch slou\u010denin, slovo &quot;syntetick\u00fd&quot; ozna\u010duje um\u011ble vytvo\u0159en\u00e9 nebo vyroben\u00e9 v\u011bci,&amp;hellip;\">syntetick\u00e1<\/span> vl\u00e1kna<\/div>\n<div><strong>Materi\u00e1l t\u011bla:<\/strong> PVC<\/div>\n<div><strong>N\u00e1sada:<\/strong> NE<\/div>\n<div><strong>Mont\u00e1\u017e n\u00e1sady:<\/strong> z\u00e1vit jemn\u00fd<\/div>\n<\/p><\/div>\n","protected":false},"excerpt":{"rendered":"<p>Detailn\u00ed popis produktu Smet\u00e1k plastov\u00fd 5131\/676\/Z, z\u00e1vit, 28 cm \u058d Plastov\u00fd smet\u00e1k na n\u00e1sadu s um\u011blohmotn\u00fdm \u0161t\u011bpen\u00fdm vl\u00e1knem je navr\u017een pro \u00fa\u010dinn\u00e9 \u010di\u0161t\u011bn\u00ed r\u016fzn\u00fdch povrch\u016f. \u058d T\u011blo smet\u00e1ku je vyrobeno z kvalitn\u00edho plastov\u00e9ho materi\u00e1lu a je opat\u0159eno otvorem s vnit\u0159n\u00edm z\u00e1vitem pro jednoduchou mont\u00e1\u017e na vhodnou n\u00e1sadu. \u058d Tento smet\u00e1k je k dispozici v r\u016fzn\u00fdch [&hellip;]<\/p>\n","protected":false},"featured_media":14594,"comment_status":"open","ping_status":"open","template":"","meta":[],"product_brand":[],"product_cat":[58],"product_tag":[],"class_list":{"0":"post-14494","1":"product","2":"type-product","3":"status-publish","4":"has-post-thumbnail","6":"product_cat-dum-a-zahrada","8":"first","9":"instock","10":"sale","11":"shipping-taxable","12":"purchasable","13":"product-type-simple"},"yoast_head":"<!-- This site is optimized with the Yoast SEO plugin v26.8 - https:\/\/yoast.com\/product\/yoast-seo-wordpress\/ -->\n<title>Levn\u00fd Smet\u00e1k plastov\u00fd 5131\/676\/Z 28 cm se z\u00e1vitem, vl\u00e1kno \u0161t\u011bpen\u00e9 plast (bez n\u00e1sady) -<\/title>\n<meta name=\"robots\" content=\"index, follow, max-snippet:-1, max-image-preview:large, max-video-preview:-1\" \/>\n<link rel=\"canonical\" href=\"https:\/\/www.domkraftpro.com\/index.php\/produkt\/levny-smetak-plastovy-5131-676-z-28-cm-se-zavitem-vlakno-stepene-plast-bez-nasady-14494\/\" \/>\n<meta property=\"og:locale\" content=\"cs_CZ\" \/>\n<meta property=\"og:type\" content=\"article\" \/>\n<meta property=\"og:title\" content=\"Levn\u00fd Smet\u00e1k plastov\u00fd 5131\/676\/Z 28 cm se z\u00e1vitem, vl\u00e1kno \u0161t\u011bpen\u00e9 plast (bez n\u00e1sady) -\" \/>\n<meta property=\"og:description\" content=\"Detailn\u00ed popis produktu Smet\u00e1k plastov\u00fd 5131\/676\/Z, z\u00e1vit, 28 cm \u058d Plastov\u00fd smet\u00e1k na n\u00e1sadu s um\u011blohmotn\u00fdm \u0161t\u011bpen\u00fdm vl\u00e1knem je navr\u017een pro \u00fa\u010dinn\u00e9 \u010di\u0161t\u011bn\u00ed r\u016fzn\u00fdch povrch\u016f. \u058d T\u011blo smet\u00e1ku je vyrobeno z kvalitn\u00edho plastov\u00e9ho materi\u00e1lu a je opat\u0159eno otvorem s vnit\u0159n\u00edm z\u00e1vitem pro jednoduchou mont\u00e1\u017e na vhodnou n\u00e1sadu. \u058d Tento smet\u00e1k je k dispozici v r\u016fzn\u00fdch [&hellip;]\" \/>\n<meta property=\"og:url\" content=\"https:\/\/www.domkraftpro.com\/index.php\/produkt\/levny-smetak-plastovy-5131-676-z-28-cm-se-zavitem-vlakno-stepene-plast-bez-nasady-14494\/\" \/>\n<meta property=\"og:image\" content=\"https:\/\/www.domkraftpro.com\/wp-content\/uploads\/2026\/SK0006699-CZ20260425-092522-0-1777080324-114297_rewrite-249917-51181041.webp\" \/>\n\t<meta property=\"og:image:width\" content=\"1000\" \/>\n\t<meta property=\"og:image:height\" content=\"750\" \/>\n\t<meta property=\"og:image:type\" content=\"image\/webp\" \/>\n<meta name=\"twitter:card\" content=\"summary_large_image\" \/>\n<meta name=\"twitter:label1\" content=\"Odhadovan\u00e1 doba \u010dten\u00ed\" \/>\n\t<meta name=\"twitter:data1\" content=\"1 minuta\" \/>\n<script type=\"application\/ld+json\" class=\"yoast-schema-graph\">{\"@context\":\"https:\/\/schema.org\",\"@graph\":[{\"@type\":\"WebPage\",\"@id\":\"https:\/\/www.domkraftpro.com\/index.php\/produkt\/levny-smetak-plastovy-5131-676-z-28-cm-se-zavitem-vlakno-stepene-plast-bez-nasady-14494\/\",\"url\":\"https:\/\/www.domkraftpro.com\/index.php\/produkt\/levny-smetak-plastovy-5131-676-z-28-cm-se-zavitem-vlakno-stepene-plast-bez-nasady-14494\/\",\"name\":\"Levn\u00fd Smet\u00e1k plastov\u00fd 5131\/676\/Z 28 cm se z\u00e1vitem, vl\u00e1kno \u0161t\u011bpen\u00e9 plast (bez n\u00e1sady) -\",\"isPartOf\":{\"@id\":\"https:\/\/www.domkraftpro.com\/#website\"},\"primaryImageOfPage\":{\"@id\":\"https:\/\/www.domkraftpro.com\/index.php\/produkt\/levny-smetak-plastovy-5131-676-z-28-cm-se-zavitem-vlakno-stepene-plast-bez-nasady-14494\/#primaryimage\"},\"image\":{\"@id\":\"https:\/\/www.domkraftpro.com\/index.php\/produkt\/levny-smetak-plastovy-5131-676-z-28-cm-se-zavitem-vlakno-stepene-plast-bez-nasady-14494\/#primaryimage\"},\"thumbnailUrl\":\"https:\/\/www.domkraftpro.com\/wp-content\/uploads\/2026\/SK0006699-CZ20260425-092522-0-1777080324-114297_rewrite-249917-51181041.webp\",\"datePublished\":\"2026-04-27T04:40:58+00:00\",\"breadcrumb\":{\"@id\":\"https:\/\/www.domkraftpro.com\/index.php\/produkt\/levny-smetak-plastovy-5131-676-z-28-cm-se-zavitem-vlakno-stepene-plast-bez-nasady-14494\/#breadcrumb\"},\"inLanguage\":\"cs\",\"potentialAction\":[{\"@type\":\"ReadAction\",\"target\":[\"https:\/\/www.domkraftpro.com\/index.php\/produkt\/levny-smetak-plastovy-5131-676-z-28-cm-se-zavitem-vlakno-stepene-plast-bez-nasady-14494\/\"]}]},{\"@type\":\"ImageObject\",\"inLanguage\":\"cs\",\"@id\":\"https:\/\/www.domkraftpro.com\/index.php\/produkt\/levny-smetak-plastovy-5131-676-z-28-cm-se-zavitem-vlakno-stepene-plast-bez-nasady-14494\/#primaryimage\",\"url\":\"https:\/\/www.domkraftpro.com\/wp-content\/uploads\/2026\/SK0006699-CZ20260425-092522-0-1777080324-114297_rewrite-249917-51181041.webp\",\"contentUrl\":\"https:\/\/www.domkraftpro.com\/wp-content\/uploads\/2026\/SK0006699-CZ20260425-092522-0-1777080324-114297_rewrite-249917-51181041.webp\",\"width\":1000,\"height\":750},{\"@type\":\"BreadcrumbList\",\"@id\":\"https:\/\/www.domkraftpro.com\/index.php\/produkt\/levny-smetak-plastovy-5131-676-z-28-cm-se-zavitem-vlakno-stepene-plast-bez-nasady-14494\/#breadcrumb\",\"itemListElement\":[{\"@type\":\"ListItem\",\"position\":1,\"name\":\"Home\",\"item\":\"https:\/\/www.domkraftpro.com\/\"},{\"@type\":\"ListItem\",\"position\":2,\"name\":\"Products\",\"item\":\"https:\/\/www.domkraftpro.com\/index.php\/products\/\"},{\"@type\":\"ListItem\",\"position\":3,\"name\":\"Levn\u00fd Smet\u00e1k plastov\u00fd 5131\/676\/Z 28 cm se z\u00e1vitem, vl\u00e1kno \u0161t\u011bpen\u00e9 plast (bez n\u00e1sady)\"}]},{\"@type\":\"WebSite\",\"@id\":\"https:\/\/www.domkraftpro.com\/#website\",\"url\":\"https:\/\/www.domkraftpro.com\/\",\"name\":\"\",\"description\":\"\",\"potentialAction\":[{\"@type\":\"SearchAction\",\"target\":{\"@type\":\"EntryPoint\",\"urlTemplate\":\"https:\/\/www.domkraftpro.com\/?s={search_term_string}\"},\"query-input\":{\"@type\":\"PropertyValueSpecification\",\"valueRequired\":true,\"valueName\":\"search_term_string\"}}],\"inLanguage\":\"cs\"}]}<\/script>\n<!-- \/ Yoast SEO plugin. -->","yoast_head_json":{"title":"Levn\u00fd Smet\u00e1k plastov\u00fd 5131\/676\/Z 28 cm se z\u00e1vitem, vl\u00e1kno \u0161t\u011bpen\u00e9 plast (bez n\u00e1sady) -","robots":{"index":"index","follow":"follow","max-snippet":"max-snippet:-1","max-image-preview":"max-image-preview:large","max-video-preview":"max-video-preview:-1"},"canonical":"https:\/\/www.domkraftpro.com\/index.php\/produkt\/levny-smetak-plastovy-5131-676-z-28-cm-se-zavitem-vlakno-stepene-plast-bez-nasady-14494\/","og_locale":"cs_CZ","og_type":"article","og_title":"Levn\u00fd Smet\u00e1k plastov\u00fd 5131\/676\/Z 28 cm se z\u00e1vitem, vl\u00e1kno \u0161t\u011bpen\u00e9 plast (bez n\u00e1sady) -","og_description":"Detailn\u00ed popis produktu Smet\u00e1k plastov\u00fd 5131\/676\/Z, z\u00e1vit, 28 cm \u058d Plastov\u00fd smet\u00e1k na n\u00e1sadu s um\u011blohmotn\u00fdm \u0161t\u011bpen\u00fdm vl\u00e1knem je navr\u017een pro \u00fa\u010dinn\u00e9 \u010di\u0161t\u011bn\u00ed r\u016fzn\u00fdch povrch\u016f. \u058d T\u011blo smet\u00e1ku je vyrobeno z kvalitn\u00edho plastov\u00e9ho materi\u00e1lu a je opat\u0159eno otvorem s vnit\u0159n\u00edm z\u00e1vitem pro jednoduchou mont\u00e1\u017e na vhodnou n\u00e1sadu. \u058d Tento smet\u00e1k je k dispozici v r\u016fzn\u00fdch [&hellip;]","og_url":"https:\/\/www.domkraftpro.com\/index.php\/produkt\/levny-smetak-plastovy-5131-676-z-28-cm-se-zavitem-vlakno-stepene-plast-bez-nasady-14494\/","og_image":[{"width":1000,"height":750,"url":"https:\/\/www.domkraftpro.com\/wp-content\/uploads\/2026\/SK0006699-CZ20260425-092522-0-1777080324-114297_rewrite-249917-51181041.webp","type":"image\/webp"}],"twitter_card":"summary_large_image","twitter_misc":{"Odhadovan\u00e1 doba \u010dten\u00ed":"1 minuta"},"schema":{"@context":"https:\/\/schema.org","@graph":[{"@type":"WebPage","@id":"https:\/\/www.domkraftpro.com\/index.php\/produkt\/levny-smetak-plastovy-5131-676-z-28-cm-se-zavitem-vlakno-stepene-plast-bez-nasady-14494\/","url":"https:\/\/www.domkraftpro.com\/index.php\/produkt\/levny-smetak-plastovy-5131-676-z-28-cm-se-zavitem-vlakno-stepene-plast-bez-nasady-14494\/","name":"Levn\u00fd Smet\u00e1k plastov\u00fd 5131\/676\/Z 28 cm se z\u00e1vitem, vl\u00e1kno \u0161t\u011bpen\u00e9 plast (bez n\u00e1sady) -","isPartOf":{"@id":"https:\/\/www.domkraftpro.com\/#website"},"primaryImageOfPage":{"@id":"https:\/\/www.domkraftpro.com\/index.php\/produkt\/levny-smetak-plastovy-5131-676-z-28-cm-se-zavitem-vlakno-stepene-plast-bez-nasady-14494\/#primaryimage"},"image":{"@id":"https:\/\/www.domkraftpro.com\/index.php\/produkt\/levny-smetak-plastovy-5131-676-z-28-cm-se-zavitem-vlakno-stepene-plast-bez-nasady-14494\/#primaryimage"},"thumbnailUrl":"https:\/\/www.domkraftpro.com\/wp-content\/uploads\/2026\/SK0006699-CZ20260425-092522-0-1777080324-114297_rewrite-249917-51181041.webp","datePublished":"2026-04-27T04:40:58+00:00","breadcrumb":{"@id":"https:\/\/www.domkraftpro.com\/index.php\/produkt\/levny-smetak-plastovy-5131-676-z-28-cm-se-zavitem-vlakno-stepene-plast-bez-nasady-14494\/#breadcrumb"},"inLanguage":"cs","potentialAction":[{"@type":"ReadAction","target":["https:\/\/www.domkraftpro.com\/index.php\/produkt\/levny-smetak-plastovy-5131-676-z-28-cm-se-zavitem-vlakno-stepene-plast-bez-nasady-14494\/"]}]},{"@type":"ImageObject","inLanguage":"cs","@id":"https:\/\/www.domkraftpro.com\/index.php\/produkt\/levny-smetak-plastovy-5131-676-z-28-cm-se-zavitem-vlakno-stepene-plast-bez-nasady-14494\/#primaryimage","url":"https:\/\/www.domkraftpro.com\/wp-content\/uploads\/2026\/SK0006699-CZ20260425-092522-0-1777080324-114297_rewrite-249917-51181041.webp","contentUrl":"https:\/\/www.domkraftpro.com\/wp-content\/uploads\/2026\/SK0006699-CZ20260425-092522-0-1777080324-114297_rewrite-249917-51181041.webp","width":1000,"height":750},{"@type":"BreadcrumbList","@id":"https:\/\/www.domkraftpro.com\/index.php\/produkt\/levny-smetak-plastovy-5131-676-z-28-cm-se-zavitem-vlakno-stepene-plast-bez-nasady-14494\/#breadcrumb","itemListElement":[{"@type":"ListItem","position":1,"name":"Home","item":"https:\/\/www.domkraftpro.com\/"},{"@type":"ListItem","position":2,"name":"Products","item":"https:\/\/www.domkraftpro.com\/index.php\/products\/"},{"@type":"ListItem","position":3,"name":"Levn\u00fd Smet\u00e1k plastov\u00fd 5131\/676\/Z 28 cm se z\u00e1vitem, vl\u00e1kno \u0161t\u011bpen\u00e9 plast (bez n\u00e1sady)"}]},{"@type":"WebSite","@id":"https:\/\/www.domkraftpro.com\/#website","url":"https:\/\/www.domkraftpro.com\/","name":"","description":"","potentialAction":[{"@type":"SearchAction","target":{"@type":"EntryPoint","urlTemplate":"https:\/\/www.domkraftpro.com\/?s={search_term_string}"},"query-input":{"@type":"PropertyValueSpecification","valueRequired":true,"valueName":"search_term_string"}}],"inLanguage":"cs"}]}},"_links":{"self":[{"href":"https:\/\/www.domkraftpro.com\/index.php\/wp-json\/wp\/v2\/product\/14494","targetHints":{"allow":["GET"]}}],"collection":[{"href":"https:\/\/www.domkraftpro.com\/index.php\/wp-json\/wp\/v2\/product"}],"about":[{"href":"https:\/\/www.domkraftpro.com\/index.php\/wp-json\/wp\/v2\/types\/product"}],"replies":[{"embeddable":true,"href":"https:\/\/www.domkraftpro.com\/index.php\/wp-json\/wp\/v2\/comments?post=14494"}],"wp:featuredmedia":[{"embeddable":true,"href":"https:\/\/www.domkraftpro.com\/index.php\/wp-json\/wp\/v2\/media\/14594"}],"wp:attachment":[{"href":"https:\/\/www.domkraftpro.com\/index.php\/wp-json\/wp\/v2\/media?parent=14494"}],"wp:term":[{"taxonomy":"product_brand","embeddable":true,"href":"https:\/\/www.domkraftpro.com\/index.php\/wp-json\/wp\/v2\/product_brand?post=14494"},{"taxonomy":"product_cat","embeddable":true,"href":"https:\/\/www.domkraftpro.com\/index.php\/wp-json\/wp\/v2\/product_cat?post=14494"},{"taxonomy":"product_tag","embeddable":true,"href":"https:\/\/www.domkraftpro.com\/index.php\/wp-json\/wp\/v2\/product_tag?post=14494"}],"curies":[{"name":"wp","href":"https:\/\/api.w.org\/{rel}","templated":true}]}}