{"id":1362,"date":"2026-04-27T04:40:34","date_gmt":"2026-04-27T04:40:34","guid":{"rendered":""},"modified":"2026-04-27T04:40:34","modified_gmt":"2026-04-27T04:40:34","slug":"noark-ex9bl20j-b20-a-30ma-117474-jednomodulovy-proudovy-chranic-s-nadproudovou-ochranou-1pn-icn-6ka-1-npol-char-b-in-20a-idn-30ma-typ-a-autenticky-1362","status":"publish","type":"product","link":"https:\/\/www.domkraftpro.com\/index.php\/produkt\/noark-ex9bl20j-b20-a-30ma-117474-jednomodulovy-proudovy-chranic-s-nadproudovou-ochranou-1pn-icn-6ka-1-npol-char-b-in-20a-idn-30ma-typ-a-autenticky-1362\/","title":{"rendered":"Noark Ex9BL20J B20 A 30mA \/117474\/ jednomodulov\u00fd proudov\u00fd chr\u00e1ni\u010d s nadproudovou ochranou 1PN Icn=6kA, 1+Np\u00f3l, char. B, In=20A, Idn=30mA, typ A Autentick\u00fd"},"content":{"rendered":"<div id=\"e9900087\" class=\"pages\">\n<div id=\"PDDescription\" class=\"UserContentView userContent v1a v1 bs-view dcon dc150 PDDescription\" >\n<h2><span style=\"color: #008080;\"><span style=\"color: #008080;\">Noark Ex9BL20J B20 A 30mA \/117474\/ jednomodulov\u00fd proudov\u00fd chr\u00e1ni\u010d s nadproudovou ochranou 1PN Icn=6kA, 1+Np\u00f3l, char. B, In=20A, Idn=30mA, typ A<\/span><\/span><\/h2>\n<p><span style=\"color: #008080;\"><span style=\"color: #008080;\">Foto ilustra\u010dn\u00ed<\/span><\/span><\/p>\n<p>Proudov\u00e9 chr\u00e1ni\u010de s nadproudovou ochranou Ex9BL20J jsou vhodn\u00e9 pro domovn\u00ed aplikace. D\u00edky \u0161\u00ed\u0159ce pouze jednoho modulu (18 mm) nab\u00edz\u00ed prostorov\u011b \u00fasporn\u00e9 \u0159e\u0161en\u00ed ve srovn\u00e1n\u00ed se standardn\u00ed dvoumodulovou verz\u00ed.<\/p>\n<p>Jejich konstrukce je zalo\u017eena na kombinaci proudov\u00e9ho chr\u00e1ni\u010de s permanentn\u00edm magnetem a jisti\u010de s tepelnou a elektromagnetickou spou\u0161t\u00ed. V\u00fdhodou t\u00e9to technologie je nap\u011b\u0165ov\u00e1 nez\u00e1vislost vybavovac\u00ed funkce. Nenulov\u00e9 nap\u011bt\u00ed je pot\u0159eba pouze pro funkci obvodu testovac\u00edho tla\u010d\u00edtka T b\u011bhem testu chr\u00e1ni\u010de. Magnetick\u00e9 proudov\u00e9 chr\u00e1ni\u010de by m\u011bly b\u00fdt pravideln\u011b testov\u00e1ny, testovac\u00ed periodu mohou upravovat lok\u00e1ln\u00ed z\u00e1kony a p\u0159edpisy.<\/p>\n<p>Doporu\u010den\u00e1 testovac\u00ed doba je 6 m\u011bs\u00edc\u016f v norm\u00e1ln\u00edm prost\u0159ed\u00ed a ka\u017ed\u00fd m\u011bs\u00edc v n\u00e1ro\u010dn\u00e9m prost\u0159ed\u00ed.<\/p>\n<p>\u00a0<\/p>\n<h3><span style=\"color: #008080;\">Parametry:<\/span><\/h3>\n<p>Po\u010det p\u00f3l\u016f (celkem): 2<\/p>\n<p>Po\u010det ji\u0161t\u011bn\u00fdch p\u00f3l\u016f: 1<\/p>\n<p>Dimenzovan\u00e9 nap\u011bt\u00ed: 230-240 V<\/p>\n<p>Dimenzovan\u00fd proud:\u00a020 A<\/p>\n<p>Jmenovit\u00fd rezidu\u00e1ln\u00ed proud: 0,03A<\/p>\n<p>Typ Svodov\u00e9ho proudu: A<\/p>\n<p>T\u0159\u00edda omezen\u00ed energie: 3<\/p>\n<p>Dimenzovan\u00e1 sp\u00ednac\u00ed schopnost dle EN 60898: 6kA<\/p>\n<p>Frekvence: 50\/60 Hz<\/p>\n<p>Vyp\u00ednac\u00ed charakteristika: B<\/p>\n<p>Spole\u010dn\u011b sp\u00ednav\u00fd neutr\u00e1ln\u00ed vodi\u010d: Ano<\/p>\n<p>Kategorie p\u0159ep\u011bt\u00ed: 3<\/p>\n<p>Stupe\u0148 zne\u010di\u0161t\u011bn\u00ed: 2<\/p>\n<p>\u0160\u00ed\u0159ka v po\u010dtech modul\u016f: 1<\/p>\n<p>Mont\u00e1\u017en\u00ed hloubka: 77mm<\/p>\n<p>Kryt\u00ed (IP): IP20<\/p>\n<p>P\u0159ep\u011b\u0165ov\u00e1 proudov\u00e1 kapacita [kA]: \u00a00,25<\/p>\n<p>Druh nap\u011bt\u00ed: AC<\/p>\n<p>Vyp\u00ednac\u00ed verze Anti Nuisance: NE<\/p>\n<p>Max. ztr\u00e1tov\u00fd v\u00fdkon [W]: 3,62<\/p>\n<p>\u00a0<\/p>\n<div class=\"css-7fe8f3 e1q8tw7n0\" style=\"color: #353535; text-transform: none; text-indent: 0px; letter-spacing: normal; font-family: Roboto, 'Adjusted Arial Fallback', Arial, sans-serif; font-size: 14px; font-style: normal; font-weight: 400; margin-bottom: 4px; word-spacing: 0px; display: flex; white-space: normal; box-sizing: border-box; orphans: 2; widows: 2; justify-content: space-between; align-items: flex-end; background-color: #ffffff; font-variant-ligatures: normal; font-variant-caps: normal; -webkit-text-stroke-width: 0px; text-decoration-thickness: initial; text-decoration-style: initial; text-decoration-color: initial; -webkit-box-pack: justify;\">\n<div class=\"css-1tpi203 exbgmzu0\" style=\"width: 142.25px; text-align: right; color: #aab2c9; padding-right: 0.37em; box-sizing: border-box;\">\u00a0<\/div>\n<div class=\"css-uyfnc2 exbgmzu2\" style=\"width: 142.25px; padding-left: 0.37em; box-sizing: border-box;\">\u00a0<\/div>\n<\/div>\n<p>\u00a0<\/p>\n<div id=\"PDTable3\" class=\"ProductDetailTableView v3a v3 bs-view dcon dc175 PDTable3\" >\n<table>\n<thead><\/thead>\n<tbody>\n<tr class=\"attribute attr_bsshop_maker\">\n<td class=\"caption\">V\u00fdrobce<\/td>\n<td class=\"value\">NOARK Electric Europe s.r.o.<\/td>\n<\/tr>\n<\/tbody>\n<\/table><\/div>\n<\/div>\n<\/div>\n<div id=\"e9900088\" class=\"tabs\">\n","protected":false},"excerpt":{"rendered":"<p>Noark Ex9BL20J B20 A 30mA \/117474\/ jednomodulov\u00fd proudov\u00fd chr\u00e1ni\u010d s nadproudovou ochranou 1PN Icn=6kA, 1+Np\u00f3l, char. B, In=20A, Idn=30mA, typ A Foto ilustra\u010dn\u00ed Proudov\u00e9 chr\u00e1ni\u010de s nadproudovou ochranou Ex9BL20J jsou vhodn\u00e9 pro domovn\u00ed aplikace. D\u00edky \u0161\u00ed\u0159ce pouze jednoho modulu (18 mm) nab\u00edz\u00ed prostorov\u011b \u00fasporn\u00e9 \u0159e\u0161en\u00ed ve srovn\u00e1n\u00ed se standardn\u00ed dvoumodulovou verz\u00ed. Jejich konstrukce je zalo\u017eena [&hellip;]<\/p>\n","protected":false},"featured_media":1462,"comment_status":"open","ping_status":"open","template":"","meta":[],"product_brand":[],"product_cat":[37],"product_tag":[],"class_list":{"0":"post-1362","1":"product","2":"type-product","3":"status-publish","4":"has-post-thumbnail","6":"product_cat-elektromateri-225-l","8":"first","9":"instock","10":"sale","11":"shipping-taxable","12":"purchasable","13":"product-type-simple"},"yoast_head":"<!-- This site is optimized with the Yoast SEO plugin v26.8 - https:\/\/yoast.com\/product\/yoast-seo-wordpress\/ -->\n<title>Noark Ex9BL20J B20 A 30mA \/117474\/ jednomodulov\u00fd proudov\u00fd chr\u00e1ni\u010d s nadproudovou ochranou 1PN Icn=6kA, 1+Np\u00f3l, char. B, In=20A, Idn=30mA, typ A Autentick\u00fd -<\/title>\n<meta name=\"robots\" content=\"index, follow, max-snippet:-1, max-image-preview:large, max-video-preview:-1\" \/>\n<link rel=\"canonical\" href=\"https:\/\/www.domkraftpro.com\/index.php\/produkt\/noark-ex9bl20j-b20-a-30ma-117474-jednomodulovy-proudovy-chranic-s-nadproudovou-ochranou-1pn-icn-6ka-1-npol-char-b-in-20a-idn-30ma-typ-a-autenticky-1362\/\" \/>\n<meta property=\"og:locale\" content=\"cs_CZ\" \/>\n<meta property=\"og:type\" content=\"article\" \/>\n<meta property=\"og:title\" content=\"Noark Ex9BL20J B20 A 30mA \/117474\/ jednomodulov\u00fd proudov\u00fd chr\u00e1ni\u010d s nadproudovou ochranou 1PN Icn=6kA, 1+Np\u00f3l, char. B, In=20A, Idn=30mA, typ A Autentick\u00fd -\" \/>\n<meta property=\"og:description\" content=\"Noark Ex9BL20J B20 A 30mA \/117474\/ jednomodulov\u00fd proudov\u00fd chr\u00e1ni\u010d s nadproudovou ochranou 1PN Icn=6kA, 1+Np\u00f3l, char. B, In=20A, Idn=30mA, typ A Foto ilustra\u010dn\u00ed Proudov\u00e9 chr\u00e1ni\u010de s nadproudovou ochranou Ex9BL20J jsou vhodn\u00e9 pro domovn\u00ed aplikace. D\u00edky \u0161\u00ed\u0159ce pouze jednoho modulu (18 mm) nab\u00edz\u00ed prostorov\u011b \u00fasporn\u00e9 \u0159e\u0161en\u00ed ve srovn\u00e1n\u00ed se standardn\u00ed dvoumodulovou verz\u00ed. Jejich konstrukce je zalo\u017eena [&hellip;]\" \/>\n<meta property=\"og:url\" content=\"https:\/\/www.domkraftpro.com\/index.php\/produkt\/noark-ex9bl20j-b20-a-30ma-117474-jednomodulovy-proudovy-chranic-s-nadproudovou-ochranou-1pn-icn-6ka-1-npol-char-b-in-20a-idn-30ma-typ-a-autenticky-1362\/\" \/>\n<meta property=\"og:image\" content=\"https:\/\/www.domkraftpro.com\/wp-content\/uploads\/2026\/SK0008500-CZ20260425-091623-0-1777079785-noark-ex9bl20j-b20-a-30ma-117474-jednomodulovy-proudovy-chr.webp\" \/>\n\t<meta property=\"og:image:width\" content=\"1000\" \/>\n\t<meta property=\"og:image:height\" content=\"525\" \/>\n\t<meta property=\"og:image:type\" content=\"image\/webp\" \/>\n<meta name=\"twitter:card\" content=\"summary_large_image\" \/>\n<meta name=\"twitter:label1\" content=\"Odhadovan\u00e1 doba \u010dten\u00ed\" \/>\n\t<meta name=\"twitter:data1\" content=\"1 minuta\" \/>\n<script type=\"application\/ld+json\" class=\"yoast-schema-graph\">{\"@context\":\"https:\/\/schema.org\",\"@graph\":[{\"@type\":\"WebPage\",\"@id\":\"https:\/\/www.domkraftpro.com\/index.php\/produkt\/noark-ex9bl20j-b20-a-30ma-117474-jednomodulovy-proudovy-chranic-s-nadproudovou-ochranou-1pn-icn-6ka-1-npol-char-b-in-20a-idn-30ma-typ-a-autenticky-1362\/\",\"url\":\"https:\/\/www.domkraftpro.com\/index.php\/produkt\/noark-ex9bl20j-b20-a-30ma-117474-jednomodulovy-proudovy-chranic-s-nadproudovou-ochranou-1pn-icn-6ka-1-npol-char-b-in-20a-idn-30ma-typ-a-autenticky-1362\/\",\"name\":\"Noark Ex9BL20J B20 A 30mA \/117474\/ jednomodulov\u00fd proudov\u00fd chr\u00e1ni\u010d s nadproudovou ochranou 1PN Icn=6kA, 1+Np\u00f3l, char. B, In=20A, Idn=30mA, typ A Autentick\u00fd -\",\"isPartOf\":{\"@id\":\"https:\/\/www.domkraftpro.com\/#website\"},\"primaryImageOfPage\":{\"@id\":\"https:\/\/www.domkraftpro.com\/index.php\/produkt\/noark-ex9bl20j-b20-a-30ma-117474-jednomodulovy-proudovy-chranic-s-nadproudovou-ochranou-1pn-icn-6ka-1-npol-char-b-in-20a-idn-30ma-typ-a-autenticky-1362\/#primaryimage\"},\"image\":{\"@id\":\"https:\/\/www.domkraftpro.com\/index.php\/produkt\/noark-ex9bl20j-b20-a-30ma-117474-jednomodulovy-proudovy-chranic-s-nadproudovou-ochranou-1pn-icn-6ka-1-npol-char-b-in-20a-idn-30ma-typ-a-autenticky-1362\/#primaryimage\"},\"thumbnailUrl\":\"https:\/\/www.domkraftpro.com\/wp-content\/uploads\/2026\/SK0008500-CZ20260425-091623-0-1777079785-noark-ex9bl20j-b20-a-30ma-117474-jednomodulovy-proudovy-chr.webp\",\"datePublished\":\"2026-04-27T04:40:34+00:00\",\"breadcrumb\":{\"@id\":\"https:\/\/www.domkraftpro.com\/index.php\/produkt\/noark-ex9bl20j-b20-a-30ma-117474-jednomodulovy-proudovy-chranic-s-nadproudovou-ochranou-1pn-icn-6ka-1-npol-char-b-in-20a-idn-30ma-typ-a-autenticky-1362\/#breadcrumb\"},\"inLanguage\":\"cs\",\"potentialAction\":[{\"@type\":\"ReadAction\",\"target\":[\"https:\/\/www.domkraftpro.com\/index.php\/produkt\/noark-ex9bl20j-b20-a-30ma-117474-jednomodulovy-proudovy-chranic-s-nadproudovou-ochranou-1pn-icn-6ka-1-npol-char-b-in-20a-idn-30ma-typ-a-autenticky-1362\/\"]}]},{\"@type\":\"ImageObject\",\"inLanguage\":\"cs\",\"@id\":\"https:\/\/www.domkraftpro.com\/index.php\/produkt\/noark-ex9bl20j-b20-a-30ma-117474-jednomodulovy-proudovy-chranic-s-nadproudovou-ochranou-1pn-icn-6ka-1-npol-char-b-in-20a-idn-30ma-typ-a-autenticky-1362\/#primaryimage\",\"url\":\"https:\/\/www.domkraftpro.com\/wp-content\/uploads\/2026\/SK0008500-CZ20260425-091623-0-1777079785-noark-ex9bl20j-b20-a-30ma-117474-jednomodulovy-proudovy-chr.webp\",\"contentUrl\":\"https:\/\/www.domkraftpro.com\/wp-content\/uploads\/2026\/SK0008500-CZ20260425-091623-0-1777079785-noark-ex9bl20j-b20-a-30ma-117474-jednomodulovy-proudovy-chr.webp\",\"width\":1000,\"height\":525},{\"@type\":\"BreadcrumbList\",\"@id\":\"https:\/\/www.domkraftpro.com\/index.php\/produkt\/noark-ex9bl20j-b20-a-30ma-117474-jednomodulovy-proudovy-chranic-s-nadproudovou-ochranou-1pn-icn-6ka-1-npol-char-b-in-20a-idn-30ma-typ-a-autenticky-1362\/#breadcrumb\",\"itemListElement\":[{\"@type\":\"ListItem\",\"position\":1,\"name\":\"Home\",\"item\":\"https:\/\/www.domkraftpro.com\/\"},{\"@type\":\"ListItem\",\"position\":2,\"name\":\"Products\",\"item\":\"https:\/\/www.domkraftpro.com\/index.php\/products\/\"},{\"@type\":\"ListItem\",\"position\":3,\"name\":\"Noark Ex9BL20J B20 A 30mA \/117474\/ jednomodulov\u00fd proudov\u00fd chr\u00e1ni\u010d s nadproudovou ochranou 1PN Icn=6kA, 1+Np\u00f3l, char. B, In=20A, Idn=30mA, typ A Autentick\u00fd\"}]},{\"@type\":\"WebSite\",\"@id\":\"https:\/\/www.domkraftpro.com\/#website\",\"url\":\"https:\/\/www.domkraftpro.com\/\",\"name\":\"\",\"description\":\"\",\"potentialAction\":[{\"@type\":\"SearchAction\",\"target\":{\"@type\":\"EntryPoint\",\"urlTemplate\":\"https:\/\/www.domkraftpro.com\/?s={search_term_string}\"},\"query-input\":{\"@type\":\"PropertyValueSpecification\",\"valueRequired\":true,\"valueName\":\"search_term_string\"}}],\"inLanguage\":\"cs\"}]}<\/script>\n<!-- \/ Yoast SEO plugin. -->","yoast_head_json":{"title":"Noark Ex9BL20J B20 A 30mA \/117474\/ jednomodulov\u00fd proudov\u00fd chr\u00e1ni\u010d s nadproudovou ochranou 1PN Icn=6kA, 1+Np\u00f3l, char. B, In=20A, Idn=30mA, typ A Autentick\u00fd -","robots":{"index":"index","follow":"follow","max-snippet":"max-snippet:-1","max-image-preview":"max-image-preview:large","max-video-preview":"max-video-preview:-1"},"canonical":"https:\/\/www.domkraftpro.com\/index.php\/produkt\/noark-ex9bl20j-b20-a-30ma-117474-jednomodulovy-proudovy-chranic-s-nadproudovou-ochranou-1pn-icn-6ka-1-npol-char-b-in-20a-idn-30ma-typ-a-autenticky-1362\/","og_locale":"cs_CZ","og_type":"article","og_title":"Noark Ex9BL20J B20 A 30mA \/117474\/ jednomodulov\u00fd proudov\u00fd chr\u00e1ni\u010d s nadproudovou ochranou 1PN Icn=6kA, 1+Np\u00f3l, char. B, In=20A, Idn=30mA, typ A Autentick\u00fd -","og_description":"Noark Ex9BL20J B20 A 30mA \/117474\/ jednomodulov\u00fd proudov\u00fd chr\u00e1ni\u010d s nadproudovou ochranou 1PN Icn=6kA, 1+Np\u00f3l, char. B, In=20A, Idn=30mA, typ A Foto ilustra\u010dn\u00ed Proudov\u00e9 chr\u00e1ni\u010de s nadproudovou ochranou Ex9BL20J jsou vhodn\u00e9 pro domovn\u00ed aplikace. D\u00edky \u0161\u00ed\u0159ce pouze jednoho modulu (18 mm) nab\u00edz\u00ed prostorov\u011b \u00fasporn\u00e9 \u0159e\u0161en\u00ed ve srovn\u00e1n\u00ed se standardn\u00ed dvoumodulovou verz\u00ed. Jejich konstrukce je zalo\u017eena [&hellip;]","og_url":"https:\/\/www.domkraftpro.com\/index.php\/produkt\/noark-ex9bl20j-b20-a-30ma-117474-jednomodulovy-proudovy-chranic-s-nadproudovou-ochranou-1pn-icn-6ka-1-npol-char-b-in-20a-idn-30ma-typ-a-autenticky-1362\/","og_image":[{"width":1000,"height":525,"url":"https:\/\/www.domkraftpro.com\/wp-content\/uploads\/2026\/SK0008500-CZ20260425-091623-0-1777079785-noark-ex9bl20j-b20-a-30ma-117474-jednomodulovy-proudovy-chr.webp","type":"image\/webp"}],"twitter_card":"summary_large_image","twitter_misc":{"Odhadovan\u00e1 doba \u010dten\u00ed":"1 minuta"},"schema":{"@context":"https:\/\/schema.org","@graph":[{"@type":"WebPage","@id":"https:\/\/www.domkraftpro.com\/index.php\/produkt\/noark-ex9bl20j-b20-a-30ma-117474-jednomodulovy-proudovy-chranic-s-nadproudovou-ochranou-1pn-icn-6ka-1-npol-char-b-in-20a-idn-30ma-typ-a-autenticky-1362\/","url":"https:\/\/www.domkraftpro.com\/index.php\/produkt\/noark-ex9bl20j-b20-a-30ma-117474-jednomodulovy-proudovy-chranic-s-nadproudovou-ochranou-1pn-icn-6ka-1-npol-char-b-in-20a-idn-30ma-typ-a-autenticky-1362\/","name":"Noark Ex9BL20J B20 A 30mA \/117474\/ jednomodulov\u00fd proudov\u00fd chr\u00e1ni\u010d s nadproudovou ochranou 1PN Icn=6kA, 1+Np\u00f3l, char. B, In=20A, Idn=30mA, typ A Autentick\u00fd -","isPartOf":{"@id":"https:\/\/www.domkraftpro.com\/#website"},"primaryImageOfPage":{"@id":"https:\/\/www.domkraftpro.com\/index.php\/produkt\/noark-ex9bl20j-b20-a-30ma-117474-jednomodulovy-proudovy-chranic-s-nadproudovou-ochranou-1pn-icn-6ka-1-npol-char-b-in-20a-idn-30ma-typ-a-autenticky-1362\/#primaryimage"},"image":{"@id":"https:\/\/www.domkraftpro.com\/index.php\/produkt\/noark-ex9bl20j-b20-a-30ma-117474-jednomodulovy-proudovy-chranic-s-nadproudovou-ochranou-1pn-icn-6ka-1-npol-char-b-in-20a-idn-30ma-typ-a-autenticky-1362\/#primaryimage"},"thumbnailUrl":"https:\/\/www.domkraftpro.com\/wp-content\/uploads\/2026\/SK0008500-CZ20260425-091623-0-1777079785-noark-ex9bl20j-b20-a-30ma-117474-jednomodulovy-proudovy-chr.webp","datePublished":"2026-04-27T04:40:34+00:00","breadcrumb":{"@id":"https:\/\/www.domkraftpro.com\/index.php\/produkt\/noark-ex9bl20j-b20-a-30ma-117474-jednomodulovy-proudovy-chranic-s-nadproudovou-ochranou-1pn-icn-6ka-1-npol-char-b-in-20a-idn-30ma-typ-a-autenticky-1362\/#breadcrumb"},"inLanguage":"cs","potentialAction":[{"@type":"ReadAction","target":["https:\/\/www.domkraftpro.com\/index.php\/produkt\/noark-ex9bl20j-b20-a-30ma-117474-jednomodulovy-proudovy-chranic-s-nadproudovou-ochranou-1pn-icn-6ka-1-npol-char-b-in-20a-idn-30ma-typ-a-autenticky-1362\/"]}]},{"@type":"ImageObject","inLanguage":"cs","@id":"https:\/\/www.domkraftpro.com\/index.php\/produkt\/noark-ex9bl20j-b20-a-30ma-117474-jednomodulovy-proudovy-chranic-s-nadproudovou-ochranou-1pn-icn-6ka-1-npol-char-b-in-20a-idn-30ma-typ-a-autenticky-1362\/#primaryimage","url":"https:\/\/www.domkraftpro.com\/wp-content\/uploads\/2026\/SK0008500-CZ20260425-091623-0-1777079785-noark-ex9bl20j-b20-a-30ma-117474-jednomodulovy-proudovy-chr.webp","contentUrl":"https:\/\/www.domkraftpro.com\/wp-content\/uploads\/2026\/SK0008500-CZ20260425-091623-0-1777079785-noark-ex9bl20j-b20-a-30ma-117474-jednomodulovy-proudovy-chr.webp","width":1000,"height":525},{"@type":"BreadcrumbList","@id":"https:\/\/www.domkraftpro.com\/index.php\/produkt\/noark-ex9bl20j-b20-a-30ma-117474-jednomodulovy-proudovy-chranic-s-nadproudovou-ochranou-1pn-icn-6ka-1-npol-char-b-in-20a-idn-30ma-typ-a-autenticky-1362\/#breadcrumb","itemListElement":[{"@type":"ListItem","position":1,"name":"Home","item":"https:\/\/www.domkraftpro.com\/"},{"@type":"ListItem","position":2,"name":"Products","item":"https:\/\/www.domkraftpro.com\/index.php\/products\/"},{"@type":"ListItem","position":3,"name":"Noark Ex9BL20J B20 A 30mA \/117474\/ jednomodulov\u00fd proudov\u00fd chr\u00e1ni\u010d s nadproudovou ochranou 1PN Icn=6kA, 1+Np\u00f3l, char. B, In=20A, Idn=30mA, typ A Autentick\u00fd"}]},{"@type":"WebSite","@id":"https:\/\/www.domkraftpro.com\/#website","url":"https:\/\/www.domkraftpro.com\/","name":"","description":"","potentialAction":[{"@type":"SearchAction","target":{"@type":"EntryPoint","urlTemplate":"https:\/\/www.domkraftpro.com\/?s={search_term_string}"},"query-input":{"@type":"PropertyValueSpecification","valueRequired":true,"valueName":"search_term_string"}}],"inLanguage":"cs"}]}},"_links":{"self":[{"href":"https:\/\/www.domkraftpro.com\/index.php\/wp-json\/wp\/v2\/product\/1362","targetHints":{"allow":["GET"]}}],"collection":[{"href":"https:\/\/www.domkraftpro.com\/index.php\/wp-json\/wp\/v2\/product"}],"about":[{"href":"https:\/\/www.domkraftpro.com\/index.php\/wp-json\/wp\/v2\/types\/product"}],"replies":[{"embeddable":true,"href":"https:\/\/www.domkraftpro.com\/index.php\/wp-json\/wp\/v2\/comments?post=1362"}],"wp:featuredmedia":[{"embeddable":true,"href":"https:\/\/www.domkraftpro.com\/index.php\/wp-json\/wp\/v2\/media\/1462"}],"wp:attachment":[{"href":"https:\/\/www.domkraftpro.com\/index.php\/wp-json\/wp\/v2\/media?parent=1362"}],"wp:term":[{"taxonomy":"product_brand","embeddable":true,"href":"https:\/\/www.domkraftpro.com\/index.php\/wp-json\/wp\/v2\/product_brand?post=1362"},{"taxonomy":"product_cat","embeddable":true,"href":"https:\/\/www.domkraftpro.com\/index.php\/wp-json\/wp\/v2\/product_cat?post=1362"},{"taxonomy":"product_tag","embeddable":true,"href":"https:\/\/www.domkraftpro.com\/index.php\/wp-json\/wp\/v2\/product_tag?post=1362"}],"curies":[{"name":"wp","href":"https:\/\/api.w.org\/{rel}","templated":true}]}}