{"id":11771,"date":"2026-04-27T04:40:51","date_gmt":"2026-04-27T04:40:51","guid":{"rendered":""},"modified":"2026-04-27T04:40:51","modified_gmt":"2026-04-27T04:40:51","slug":"akce-makita-p-38152-brus-p-120mm-neder-k180-role-5m-11771","status":"publish","type":"product","link":"https:\/\/www.domkraftpro.com\/index.php\/produkt\/akce-makita-p-38152-brus-p-120mm-neder-k180-role-5m-11771\/","title":{"rendered":"Akce Makita P-38152 brus.p.120mm ned\u011br. K180 role 5m"},"content":{"rendered":"<table>\n<div class=\"tab-pane active product-description\" id=\"popis\" role=\"tabpanel\">\n<div class=\"short-description\" itemprop=\"description\"><\/div>\n<div class=\"description\">Flexibiln\u00ed brusn\u00fd pap\u00edr pro \u0161irok\u00e9 spektrum pou\u017eit\u00ed. Pro opracov\u00e1n\u00ed d\u0159eva a kovu.<\/div>\n<\/table>\n","protected":false},"excerpt":{"rendered":"<p>Flexibiln\u00ed brusn\u00fd pap\u00edr pro \u0161irok\u00e9 spektrum pou\u017eit\u00ed. Pro opracov\u00e1n\u00ed d\u0159eva a kovu.<\/p>\n","protected":false},"featured_media":11871,"comment_status":"open","ping_status":"open","template":"","meta":[],"product_brand":[],"product_cat":[52],"product_tag":[],"class_list":{"0":"post-11771","1":"product","2":"type-product","3":"status-publish","4":"has-post-thumbnail","6":"product_cat-naradi","8":"first","9":"instock","10":"sale","11":"shipping-taxable","12":"purchasable","13":"product-type-simple"},"yoast_head":"<!-- This site is optimized with the Yoast SEO plugin v26.8 - https:\/\/yoast.com\/product\/yoast-seo-wordpress\/ -->\n<title>Akce Makita P-38152 brus.p.120mm ned\u011br. K180 role 5m -<\/title>\n<meta name=\"robots\" content=\"index, follow, max-snippet:-1, max-image-preview:large, max-video-preview:-1\" \/>\n<link rel=\"canonical\" href=\"https:\/\/www.domkraftpro.com\/index.php\/produkt\/akce-makita-p-38152-brus-p-120mm-neder-k180-role-5m-11771\/\" \/>\n<meta property=\"og:locale\" content=\"cs_CZ\" \/>\n<meta property=\"og:type\" content=\"article\" \/>\n<meta property=\"og:title\" content=\"Akce Makita P-38152 brus.p.120mm ned\u011br. K180 role 5m -\" \/>\n<meta property=\"og:description\" content=\"Flexibiln\u00ed brusn\u00fd pap\u00edr pro \u0161irok\u00e9 spektrum pou\u017eit\u00ed. Pro opracov\u00e1n\u00ed d\u0159eva a kovu.\" \/>\n<meta property=\"og:url\" content=\"https:\/\/www.domkraftpro.com\/index.php\/produkt\/akce-makita-p-38152-brus-p-120mm-neder-k180-role-5m-11771\/\" \/>\n<meta property=\"og:image\" content=\"https:\/\/www.domkraftpro.com\/wp-content\/uploads\/2026\/SK0006877-CZ20260425-092328-0-1777080210-acc_from-p38102-to-p38180-tif_2.webp\" \/>\n\t<meta property=\"og:image:width\" content=\"545\" \/>\n\t<meta property=\"og:image:height\" content=\"800\" \/>\n\t<meta property=\"og:image:type\" content=\"image\/webp\" \/>\n<meta name=\"twitter:card\" content=\"summary_large_image\" \/>\n<script type=\"application\/ld+json\" class=\"yoast-schema-graph\">{\"@context\":\"https:\/\/schema.org\",\"@graph\":[{\"@type\":\"WebPage\",\"@id\":\"https:\/\/www.domkraftpro.com\/index.php\/produkt\/akce-makita-p-38152-brus-p-120mm-neder-k180-role-5m-11771\/\",\"url\":\"https:\/\/www.domkraftpro.com\/index.php\/produkt\/akce-makita-p-38152-brus-p-120mm-neder-k180-role-5m-11771\/\",\"name\":\"Akce Makita P-38152 brus.p.120mm ned\u011br. K180 role 5m -\",\"isPartOf\":{\"@id\":\"https:\/\/www.domkraftpro.com\/#website\"},\"primaryImageOfPage\":{\"@id\":\"https:\/\/www.domkraftpro.com\/index.php\/produkt\/akce-makita-p-38152-brus-p-120mm-neder-k180-role-5m-11771\/#primaryimage\"},\"image\":{\"@id\":\"https:\/\/www.domkraftpro.com\/index.php\/produkt\/akce-makita-p-38152-brus-p-120mm-neder-k180-role-5m-11771\/#primaryimage\"},\"thumbnailUrl\":\"https:\/\/www.domkraftpro.com\/wp-content\/uploads\/2026\/SK0006877-CZ20260425-092328-0-1777080210-acc_from-p38102-to-p38180-tif_2.webp\",\"datePublished\":\"2026-04-27T04:40:51+00:00\",\"breadcrumb\":{\"@id\":\"https:\/\/www.domkraftpro.com\/index.php\/produkt\/akce-makita-p-38152-brus-p-120mm-neder-k180-role-5m-11771\/#breadcrumb\"},\"inLanguage\":\"cs\",\"potentialAction\":[{\"@type\":\"ReadAction\",\"target\":[\"https:\/\/www.domkraftpro.com\/index.php\/produkt\/akce-makita-p-38152-brus-p-120mm-neder-k180-role-5m-11771\/\"]}]},{\"@type\":\"ImageObject\",\"inLanguage\":\"cs\",\"@id\":\"https:\/\/www.domkraftpro.com\/index.php\/produkt\/akce-makita-p-38152-brus-p-120mm-neder-k180-role-5m-11771\/#primaryimage\",\"url\":\"https:\/\/www.domkraftpro.com\/wp-content\/uploads\/2026\/SK0006877-CZ20260425-092328-0-1777080210-acc_from-p38102-to-p38180-tif_2.webp\",\"contentUrl\":\"https:\/\/www.domkraftpro.com\/wp-content\/uploads\/2026\/SK0006877-CZ20260425-092328-0-1777080210-acc_from-p38102-to-p38180-tif_2.webp\",\"width\":545,\"height\":800},{\"@type\":\"BreadcrumbList\",\"@id\":\"https:\/\/www.domkraftpro.com\/index.php\/produkt\/akce-makita-p-38152-brus-p-120mm-neder-k180-role-5m-11771\/#breadcrumb\",\"itemListElement\":[{\"@type\":\"ListItem\",\"position\":1,\"name\":\"Home\",\"item\":\"https:\/\/www.domkraftpro.com\/\"},{\"@type\":\"ListItem\",\"position\":2,\"name\":\"Products\",\"item\":\"https:\/\/www.domkraftpro.com\/index.php\/products\/\"},{\"@type\":\"ListItem\",\"position\":3,\"name\":\"Akce Makita P-38152 brus.p.120mm ned\u011br. K180 role 5m\"}]},{\"@type\":\"WebSite\",\"@id\":\"https:\/\/www.domkraftpro.com\/#website\",\"url\":\"https:\/\/www.domkraftpro.com\/\",\"name\":\"\",\"description\":\"\",\"potentialAction\":[{\"@type\":\"SearchAction\",\"target\":{\"@type\":\"EntryPoint\",\"urlTemplate\":\"https:\/\/www.domkraftpro.com\/?s={search_term_string}\"},\"query-input\":{\"@type\":\"PropertyValueSpecification\",\"valueRequired\":true,\"valueName\":\"search_term_string\"}}],\"inLanguage\":\"cs\"}]}<\/script>\n<!-- \/ Yoast SEO plugin. -->","yoast_head_json":{"title":"Akce Makita P-38152 brus.p.120mm ned\u011br. K180 role 5m -","robots":{"index":"index","follow":"follow","max-snippet":"max-snippet:-1","max-image-preview":"max-image-preview:large","max-video-preview":"max-video-preview:-1"},"canonical":"https:\/\/www.domkraftpro.com\/index.php\/produkt\/akce-makita-p-38152-brus-p-120mm-neder-k180-role-5m-11771\/","og_locale":"cs_CZ","og_type":"article","og_title":"Akce Makita P-38152 brus.p.120mm ned\u011br. K180 role 5m -","og_description":"Flexibiln\u00ed brusn\u00fd pap\u00edr pro \u0161irok\u00e9 spektrum pou\u017eit\u00ed. Pro opracov\u00e1n\u00ed d\u0159eva a kovu.","og_url":"https:\/\/www.domkraftpro.com\/index.php\/produkt\/akce-makita-p-38152-brus-p-120mm-neder-k180-role-5m-11771\/","og_image":[{"width":545,"height":800,"url":"https:\/\/www.domkraftpro.com\/wp-content\/uploads\/2026\/SK0006877-CZ20260425-092328-0-1777080210-acc_from-p38102-to-p38180-tif_2.webp","type":"image\/webp"}],"twitter_card":"summary_large_image","schema":{"@context":"https:\/\/schema.org","@graph":[{"@type":"WebPage","@id":"https:\/\/www.domkraftpro.com\/index.php\/produkt\/akce-makita-p-38152-brus-p-120mm-neder-k180-role-5m-11771\/","url":"https:\/\/www.domkraftpro.com\/index.php\/produkt\/akce-makita-p-38152-brus-p-120mm-neder-k180-role-5m-11771\/","name":"Akce Makita P-38152 brus.p.120mm ned\u011br. K180 role 5m -","isPartOf":{"@id":"https:\/\/www.domkraftpro.com\/#website"},"primaryImageOfPage":{"@id":"https:\/\/www.domkraftpro.com\/index.php\/produkt\/akce-makita-p-38152-brus-p-120mm-neder-k180-role-5m-11771\/#primaryimage"},"image":{"@id":"https:\/\/www.domkraftpro.com\/index.php\/produkt\/akce-makita-p-38152-brus-p-120mm-neder-k180-role-5m-11771\/#primaryimage"},"thumbnailUrl":"https:\/\/www.domkraftpro.com\/wp-content\/uploads\/2026\/SK0006877-CZ20260425-092328-0-1777080210-acc_from-p38102-to-p38180-tif_2.webp","datePublished":"2026-04-27T04:40:51+00:00","breadcrumb":{"@id":"https:\/\/www.domkraftpro.com\/index.php\/produkt\/akce-makita-p-38152-brus-p-120mm-neder-k180-role-5m-11771\/#breadcrumb"},"inLanguage":"cs","potentialAction":[{"@type":"ReadAction","target":["https:\/\/www.domkraftpro.com\/index.php\/produkt\/akce-makita-p-38152-brus-p-120mm-neder-k180-role-5m-11771\/"]}]},{"@type":"ImageObject","inLanguage":"cs","@id":"https:\/\/www.domkraftpro.com\/index.php\/produkt\/akce-makita-p-38152-brus-p-120mm-neder-k180-role-5m-11771\/#primaryimage","url":"https:\/\/www.domkraftpro.com\/wp-content\/uploads\/2026\/SK0006877-CZ20260425-092328-0-1777080210-acc_from-p38102-to-p38180-tif_2.webp","contentUrl":"https:\/\/www.domkraftpro.com\/wp-content\/uploads\/2026\/SK0006877-CZ20260425-092328-0-1777080210-acc_from-p38102-to-p38180-tif_2.webp","width":545,"height":800},{"@type":"BreadcrumbList","@id":"https:\/\/www.domkraftpro.com\/index.php\/produkt\/akce-makita-p-38152-brus-p-120mm-neder-k180-role-5m-11771\/#breadcrumb","itemListElement":[{"@type":"ListItem","position":1,"name":"Home","item":"https:\/\/www.domkraftpro.com\/"},{"@type":"ListItem","position":2,"name":"Products","item":"https:\/\/www.domkraftpro.com\/index.php\/products\/"},{"@type":"ListItem","position":3,"name":"Akce Makita P-38152 brus.p.120mm ned\u011br. K180 role 5m"}]},{"@type":"WebSite","@id":"https:\/\/www.domkraftpro.com\/#website","url":"https:\/\/www.domkraftpro.com\/","name":"","description":"","potentialAction":[{"@type":"SearchAction","target":{"@type":"EntryPoint","urlTemplate":"https:\/\/www.domkraftpro.com\/?s={search_term_string}"},"query-input":{"@type":"PropertyValueSpecification","valueRequired":true,"valueName":"search_term_string"}}],"inLanguage":"cs"}]}},"_links":{"self":[{"href":"https:\/\/www.domkraftpro.com\/index.php\/wp-json\/wp\/v2\/product\/11771","targetHints":{"allow":["GET"]}}],"collection":[{"href":"https:\/\/www.domkraftpro.com\/index.php\/wp-json\/wp\/v2\/product"}],"about":[{"href":"https:\/\/www.domkraftpro.com\/index.php\/wp-json\/wp\/v2\/types\/product"}],"replies":[{"embeddable":true,"href":"https:\/\/www.domkraftpro.com\/index.php\/wp-json\/wp\/v2\/comments?post=11771"}],"wp:featuredmedia":[{"embeddable":true,"href":"https:\/\/www.domkraftpro.com\/index.php\/wp-json\/wp\/v2\/media\/11871"}],"wp:attachment":[{"href":"https:\/\/www.domkraftpro.com\/index.php\/wp-json\/wp\/v2\/media?parent=11771"}],"wp:term":[{"taxonomy":"product_brand","embeddable":true,"href":"https:\/\/www.domkraftpro.com\/index.php\/wp-json\/wp\/v2\/product_brand?post=11771"},{"taxonomy":"product_cat","embeddable":true,"href":"https:\/\/www.domkraftpro.com\/index.php\/wp-json\/wp\/v2\/product_cat?post=11771"},{"taxonomy":"product_tag","embeddable":true,"href":"https:\/\/www.domkraftpro.com\/index.php\/wp-json\/wp\/v2\/product_tag?post=11771"}],"curies":[{"name":"wp","href":"https:\/\/api.w.org\/{rel}","templated":true}]}}